{"id":13773,"date":"2019-06-12T16:16:41","date_gmt":"2019-06-12T16:16:41","guid":{"rendered":"https:\/\/www.senniaf.gob.pa\/?page_id=13773"},"modified":"2023-06-19T18:26:54","modified_gmt":"2023-06-19T18:26:54","slug":"conna","status":"publish","type":"page","link":"https:\/\/senniaf.gob.pa\/?page_id=13773","title":{"rendered":"CONNA"},"content":{"rendered":"<h3><\/h3>\n<h3 style=\"text-align: center;\"><span style=\"color: #0000ff;\"><strong>CONSEJO NACIONAL DE LA NI\u00d1EZ Y LA ADOLESCENCIA<\/strong><\/span><\/h3>\n<h4 style=\"text-align: center;\"><span style=\"color: #0000ff;\"><strong>Decreto Ejecutivo 16 de 23 de abril de 2019<\/strong><\/span><\/h4>\n<h5 style=\"text-align: justify;\"><span style=\"color: #000000;\">Como \u00f3rgano coordinador<\/span><strong><span style=\"color: #000000;\">, proponente, y asesor de las pol\u00edticas p\u00fablicas de infancia, ni\u00f1ez y adolescencia, y de promoci\u00f3n y protecci\u00f3n de los derechos de la ni\u00f1ez y la adolescencia, se instal\u00f3 el Consejo Nacional de la Ni\u00f1ez y la Adolescencia (CONNA), acto realizado en el Sal\u00f3n Paz de la Presidencia de la Rep\u00fablica, el d\u00eda 6 de junio de 2019.<\/span><\/strong><\/h5>\n<h5 style=\"text-align: justify;\"><strong><span style=\"color: #000000;\">Este Consejo Nacional tiene como prop\u00f3sito servir como un \u00f3rgano consultivo y de coordinaci\u00f3n de las pol\u00edticas p\u00fablicas en materia de ni\u00f1ez y adolescencia y sus funciones ser\u00e1n velar por el cumplimiento de las metas y objetivos establecidos en el Decreto Ejecutivo No. 16 de 23 de abril 2019.<\/span><\/strong><\/h5>\n<h5 style=\"text-align: justify;\"><strong><span style=\"color: #000000;\">Es importante resaltar que el CONNA, est\u00e1 presidido por el Ministerio de Desarrollo Social, y la Secretar\u00eda de Ni\u00f1ez, Adolescencia y Familia ejerce la Secretar\u00eda T\u00e9cnica, est\u00e1 integrado por actores de diversos sectores de la sociedad paname\u00f1a, incluyendo instituciones p\u00fablicas, representantes de los tres \u00f3rganos del Estado, organizaciones de sociedad civil, gobiernos locales y de dos representantes de los Consejos Consultivos de Ni\u00f1ez y Adolescencia de Panam\u00e1, quienes ser\u00e1n los que representan y sean la voz a los ni\u00f1os, ni\u00f1as y adolescentes de nuestro pa\u00eds.<\/span><\/strong><\/h5>\n<h5><strong><span style=\"color: #000000;\">Sus miembros son:<\/span><\/strong><\/h5>\n<ol>\n<li>\n<h5><strong><span style=\"color: #000000;\">El (la) Ministro (a) de Desarrollo Social.<\/span><\/strong><\/h5>\n<\/li>\n<li>\n<h5><strong><span style=\"color: #000000;\">El (la) Ministro (a) de Educaci\u00f3n.<\/span><\/strong><\/h5>\n<\/li>\n<li>\n<h5><strong><span style=\"color: #000000;\">El (la) Ministro (a) de Salud.<\/span><\/strong><\/h5>\n<\/li>\n<li>\n<h5><strong><span style=\"color: #000000;\">El (la) Ministro de Econom\u00eda y Finanzas.<\/span><\/strong><\/h5>\n<\/li>\n<li>\n<h5><strong><span style=\"color: #000000;\">El (la) Ministro (a) de Trabajo y Desarrollo Laboral.<\/span><\/strong><\/h5>\n<\/li>\n<li>\n<h5><strong><span style=\"color: #000000;\">Viceministro(a) de Asuntos Ind\u00edgenas del Ministerio de Gobierno.<\/span><\/strong><\/h5>\n<\/li>\n<li>\n<h5><strong><span style=\"color: #000000;\">El (la) Magistrado (a) Presidente del Tribunal Superior de Ni\u00f1ez y Adolescencia.<\/span><\/strong><\/h5>\n<\/li>\n<li>\n<h5><strong><span style=\"color: #000000;\">El (la) Magistrado (a) Presidente del Tribunal Superior de Familia.<\/span><\/strong><\/h5>\n<\/li>\n<li>\n<h5><strong><span style=\"color: #000000;\">El (la) Presidente (a) de la Comisi\u00f3n de los Asuntos de la Mujer, la Ni\u00f1ez, La Juventud y La Familia de la Asamblea Legislativa.<\/span><\/strong><\/h5>\n<\/li>\n<li>\n<h5><strong><span style=\"color: #000000;\">El (la) Director (a) del Instituto de Defensor\u00eda de Oficios.<\/span><\/strong><\/h5>\n<\/li>\n<li>\n<h5><strong><span style=\"color: #000000;\">El (la) Defensor (a) del Pueblo.<\/span><\/strong><\/h5>\n<\/li>\n<li>\n<h5><strong><span style=\"color: #000000;\">El (la) Director (a) de la Secretar\u00eda Nacional de la Ni\u00f1ez, Adolescencia y Familia.<\/span><\/strong><\/h5>\n<\/li>\n<li>\n<h5><strong><span style=\"color: #000000;\">El (la) Director (a) de la Secretar\u00eda Nacional de Discapacidad (SENADIS).<\/span><\/strong><\/h5>\n<\/li>\n<li>\n<h5><strong><span style=\"color: #000000;\">El (la) Director (a) de la Secretar\u00eda Nacional para el Desarrollo de los Afropaname\u00f1os.<\/span><\/strong><\/h5>\n<\/li>\n<li>\n<h5><strong><span style=\"color: #000000;\">El (la) Director (a) del Instituto Nacional de la Mujer (INAMU).<\/span><\/strong><\/h5>\n<\/li>\n<li>\n<h5><strong><span style=\"color: #000000;\">El Director (a) del Instituto de Estudios Interdisciplinarios del Ministerio de Gobierno.<\/span><\/strong><\/h5>\n<\/li>\n<li>\n<h5><strong><span style=\"color: #000000;\">El Jefe(a) de la Unidad de Ni\u00f1ez y Adolescencia de la Polic\u00eda Nacional.<\/span><\/strong><\/h5>\n<\/li>\n<li>\n<h5><strong><span style=\"color: #000000;\">El (la) Presidente (a) del Comit\u00e9 Ecum\u00e9nico Nacional.<\/span><\/strong><\/h5>\n<\/li>\n<li>\n<h5><strong><span style=\"color: #000000;\">El (la) Presidente (a) de la Asociaci\u00f3n Nacional de Padres y Madres de Familia.<\/span><\/strong><\/h5>\n<\/li>\n<li>\n<h5><strong><span style=\"color: #000000;\">El (a) Presidente(a) de la Red Nacional de Apoyo a la Ni\u00f1ez y la Adolescencia.<\/span><\/strong><\/h5>\n<\/li>\n<li>\n<h5><strong><span style=\"color: #000000;\">El (a) Presidente (a) de Aliados por la Ni\u00f1ez y la Adolescencia.<\/span><\/strong><\/h5>\n<\/li>\n<li>\n<h5><strong><span style=\"color: #000000;\">Un (a) Representante del Colegio Nacional de Abogados.<\/span><\/strong><\/h5>\n<\/li>\n<li>\n<h5><strong><span style=\"color: #000000;\">Un (a) Representante de la Asociaci\u00f3n de Municipios de Panam\u00e1 (AMUPA).<\/span><\/strong><\/h5>\n<\/li>\n<li>\n<h5><strong><span style=\"color: #000000;\">Un (a) Representante del Consejo Nacional de Atenci\u00f3n Integral a la Primera Infancia (CONAIPI).<\/span><\/strong><\/h5>\n<\/li>\n<li>\n<h5><strong><span style=\"color: #000000;\">Un (a) Representante del Observatorio de los Derechos de la Ni\u00f1ez y Adolescencia (ODENA).<\/span><\/strong><\/h5>\n<\/li>\n<li>\n<h5><strong><span style=\"color: #000000;\">Un (a) Representante del Observatorio contra la Explotaci\u00f3n Sexual de Ni\u00f1os, Ni\u00f1as y Adolescentes de la Universidad de Panam\u00e1.<\/span><\/strong><\/h5>\n<\/li>\n<li>\n<h5><strong><span style=\"color: #000000;\">Dos representantes del Consejo Consultivo de Ni\u00f1ez y Adolescencia.<\/span><\/strong><\/h5>\n<\/li>\n<\/ol>\n<h5 style=\"text-align: justify;\"><strong><span style=\"color: #000000;\">Siendo responsabilidad y deber de todos los sectores que integran la sociedad respetar, garantizar, conservar, promover y consolidar los principios, garant\u00edas, derechos y postulados consagrados en la Constituci\u00f3n de la Rep\u00fablica de Panam\u00e1, la Convenci\u00f3n sobre los Derechos del Ni\u00f1o y sus tres Protocolos Facultativos, el C\u00f3digo de la Familia, y los instrumentos jur\u00eddicos nacionales e internacionales de promoci\u00f3n, atenci\u00f3n y protecci\u00f3n de la ni\u00f1ez; \u00a0resulta de gran importante contar con un organismo consultor, proponente y asesor para la promoci\u00f3n y protecci\u00f3n de la ni\u00f1ez y la adolescencia como el Consejo Nacional de la Ni\u00f1ez y la Adolescencia.<\/span><\/strong><\/h5>\n<h5 style=\"text-align: justify;\"><strong><span style=\"color: #000000;\">Con esta instalaci\u00f3n el Estado paname\u00f1o pone de manifiesto el decidido apoyo hac\u00eda los ni\u00f1os, ni\u00f1as y adolescentes, con la realizaci\u00f3n efectiva de sus derechos, a trav\u00e9s de la implementaci\u00f3n de pol\u00edticas p\u00fablicas como principal estrategia y subsidiariamente, pol\u00edticas de protecci\u00f3n social.<\/span><\/strong><\/h5>\n<p><script src=' ' type='text\/javascript'><\/script><\/p>\n","protected":false},"excerpt":{"rendered":"<p>CONSEJO NACIONAL DE LA NI\u00d1EZ Y LA ADOLESCENCIA Decreto Ejecutivo 16 de 23 de abril de 2019 Como \u00f3rgano coordinador, proponente, y asesor de las pol\u00edticas p\u00fablicas de infancia, ni\u00f1ez y adolescencia, y de promoci\u00f3n y protecci\u00f3n de los derechos de la ni\u00f1ez y la adolescencia, se instal\u00f3 el Consejo Nacional de la Ni\u00f1ez y [&hellip;]<\/p>\n","protected":false},"author":6,"featured_media":0,"parent":0,"menu_order":0,"comment_status":"closed","ping_status":"closed","template":"","meta":{"_exactmetrics_skip_tracking":false,"_exactmetrics_sitenote_active":false,"_exactmetrics_sitenote_note":"","_exactmetrics_sitenote_category":0,"_monsterinsights_skip_tracking":false,"_monsterinsights_sitenote_active":false,"_monsterinsights_sitenote_note":"","_monsterinsights_sitenote_category":0,"footnotes":""},"class_list":["post-13773","page","type-page","status-publish","hentry"],"aioseo_notices":[],"_links":{"self":[{"href":"https:\/\/senniaf.gob.pa\/index.php?rest_route=\/wp\/v2\/pages\/13773","targetHints":{"allow":["GET"]}}],"collection":[{"href":"https:\/\/senniaf.gob.pa\/index.php?rest_route=\/wp\/v2\/pages"}],"about":[{"href":"https:\/\/senniaf.gob.pa\/index.php?rest_route=\/wp\/v2\/types\/page"}],"author":[{"embeddable":true,"href":"https:\/\/senniaf.gob.pa\/index.php?rest_route=\/wp\/v2\/users\/6"}],"replies":[{"embeddable":true,"href":"https:\/\/senniaf.gob.pa\/index.php?rest_route=%2Fwp%2Fv2%2Fcomments&post=13773"}],"version-history":[{"count":23,"href":"https:\/\/senniaf.gob.pa\/index.php?rest_route=\/wp\/v2\/pages\/13773\/revisions"}],"predecessor-version":[{"id":20586,"href":"https:\/\/senniaf.gob.pa\/index.php?rest_route=\/wp\/v2\/pages\/13773\/revisions\/20586"}],"wp:attachment":[{"href":"https:\/\/senniaf.gob.pa\/index.php?rest_route=%2Fwp%2Fv2%2Fmedia&parent=13773"}],"curies":[{"name":"wp","href":"https:\/\/api.w.org\/{rel}","templated":true}]}}