{"id":16,"date":"2014-10-19T04:18:27","date_gmt":"2014-10-19T04:18:27","guid":{"rendered":"https:\/\/www.senniaf.gob.pa\/?page_id=16"},"modified":"2026-04-16T21:11:07","modified_gmt":"2026-04-16T21:11:07","slug":"casas-hogares","status":"publish","type":"page","link":"https:\/\/senniaf.gob.pa\/?page_id=16","title":{"rendered":"Supervisi\u00f3n y monitoreo de instituciones de protecci\u00f3n"},"content":{"rendered":"<p><div class=\"fusion-fullwidth fullwidth-box fusion-builder-row-1 nonhundred-percent-fullwidth non-hundred-percent-height-scrolling\" style=\"--awb-border-radius-top-left:0px;--awb-border-radius-top-right:0px;--awb-border-radius-bottom-right:0px;--awb-border-radius-bottom-left:0px;--awb-flex-wrap:wrap;\" ><div class=\"fusion-builder-row fusion-row\"><div class=\"fusion-layout-column fusion_builder_column fusion-builder-column-0 fusion_builder_column_2_3 2_3 fusion-two-third fusion-column-first\" style=\"--awb-bg-size:cover;width:66.666666666667%;width:calc(66.666666666667% - ( ( 4% ) * 0.66666666666667 ) );margin-right: 4%;\"><div class=\"fusion-column-wrapper fusion-flex-column-wrapper-legacy\"><div class=\"fusion-title title fusion-title-1 sep-underline sep-solid fusion-title-text fusion-title-size-two\"><h2 class=\"fusion-title-heading title-heading-left\" style=\"margin:0;\">Supervisi\u00f3n y Monitoreo de Casas Hogares<\/h2><\/div><div class=\"fusion-text fusion-text-1\"><p style=\"text-align: justify;\">El objetivo principal de este programa es garantizar que los ni\u00f1os, ni\u00f1as y adolescentes menores de 18 a\u00f1os, que se encuentren privados de convivir en su medio familiar y se encuentren en instituciones de protecci\u00f3n o albergues en todo el territorio nacional, gocen de igualdad de condiciones y en pleno goce de sus derechos humanos, mientras persista la medida excepcional.<\/p>\n<p style=\"text-align: justify;\">De acuerdo a la Convenci\u00f3n sobre los Derechos del Ni\u00f1o, el Estado debe garantizar su cumplimiento de los derechos de los ni\u00f1os, ni\u00f1as y adolescentes que est\u00e9n privados permanente o temporalmente de su medio familiar.<\/p>\n<p style=\"text-align: justify;\">La Ley N\u00ba. 14 del 23 de enero de 2009, por la cual se crea la Secretar\u00eda Nacional de Ni\u00f1ez, Adolescencia y Familia, establece entre sus funciones la de supervisar y evaluar la calidad en los programas y servicios sociales dirigidos a la ni\u00f1ez, y la adolescencia ejecutados por entidades p\u00fablicas y privadas, as\u00ed como su apego al respeto por los derechos humanos.<\/p>\n<p style=\"text-align: justify;\">Mediante el Decreto Ejecutivo N\u00ba.26 del 21 de abril de 2009, se dictan normas para regular la apertura y supervisi\u00f3n de los albergues para ni\u00f1os, ni\u00f1as y adolescentes.<\/p>\n<p>Decreto Ejecutivo N\u00ba404 del 30 de octubre de 2020, que regula la apertura y funcionamiento de los albergues para ni\u00f1os, ni\u00f1as y adolescentes y se subroga el Decreto N\u00ba 26 del 21 de abril de 2009.<\/p>\n<\/div><div class=\"fusion-clearfix\"><\/div><\/div><\/div><div class=\"fusion-layout-column fusion_builder_column fusion-builder-column-1 fusion_builder_column_1_3 1_3 fusion-one-third fusion-column-last\" style=\"--awb-bg-size:cover;width:33.333333333333%;width:calc(33.333333333333% - ( ( 4% ) * 0.33333333333333 ) );\"><div class=\"fusion-column-wrapper fusion-flex-column-wrapper-legacy\"><div class=\"fusion-image-element fusion-image-align-center in-legacy-container\" style=\"text-align:center;--awb-caption-title-font-family:var(--h2_typography-font-family);--awb-caption-title-font-weight:var(--h2_typography-font-weight);--awb-caption-title-font-style:var(--h2_typography-font-style);--awb-caption-title-size:var(--h2_typography-font-size);--awb-caption-title-transform:var(--h2_typography-text-transform);--awb-caption-title-line-height:var(--h2_typography-line-height);--awb-caption-title-letter-spacing:var(--h2_typography-letter-spacing);\"><div class=\"imageframe-align-center\"><span class=\" fusion-imageframe imageframe-none imageframe-1 hover-type-none\"><img fetchpriority=\"high\" fetchpriority=\"high\" decoding=\"async\" width=\"300\" height=\"200\" title=\"IMG_1066\" src=\"https:\/\/www.senniaf.gob.pa\/\/wp-content\/uploads\/2018\/07\/IMG_1066-300x200.jpg\" alt class=\"img-responsive wp-image-11154\" srcset=\"https:\/\/senniaf.gob.pa\/wp-content\/uploads\/2018\/07\/IMG_1066-200x133.jpg 200w, https:\/\/senniaf.gob.pa\/wp-content\/uploads\/2018\/07\/IMG_1066-400x267.jpg 400w, https:\/\/senniaf.gob.pa\/wp-content\/uploads\/2018\/07\/IMG_1066-600x400.jpg 600w, https:\/\/senniaf.gob.pa\/wp-content\/uploads\/2018\/07\/IMG_1066-800x533.jpg 800w, https:\/\/senniaf.gob.pa\/wp-content\/uploads\/2018\/07\/IMG_1066-1200x800.jpg 1200w, https:\/\/senniaf.gob.pa\/wp-content\/uploads\/2018\/07\/IMG_1066.jpg 3456w\" sizes=\"(max-width: 800px) 100vw, 400px\" \/><\/span><\/div><\/div><div class=\"fusion-clearfix\"><\/div><\/div><\/div><div class=\"fusion-layout-column fusion_builder_column fusion-builder-column-2 fusion_builder_column_1_1 1_1 fusion-one-full fusion-column-first fusion-column-last\" style=\"--awb-bg-size:cover;\"><div class=\"fusion-column-wrapper fusion-flex-column-wrapper-legacy\"><div class=\"fusion-title title fusion-title-2 sep-underline sep-solid fusion-title-text fusion-title-size-four\"><h4 class=\"fusion-title-heading title-heading-left\" style=\"margin:0;\">Para cumplir con el objetivo propuesto en este programa se deben realizar giras peri\u00f3dicas a los diferentes albergues a nivel nacional, con la finalidad de:<\/h4><\/div><ul style=\"--awb-size:16px;--awb-line-height:27.2px;--awb-icon-width:27.2px;--awb-icon-height:27.2px;--awb-icon-margin:11.2px;--awb-content-margin:38.4px;--awb-circlecolor:#1a80b6;--awb-circle-yes-font-size:14.08px;\" class=\"fusion-checklist fusion-checklist-1 fusion-checklist-default type-icons\"><li class=\"fusion-li-item\" style=\"\"><span class=\"icon-wrapper circle-yes\"><i class=\"fusion-li-icon fa fa-check\" aria-hidden=\"true\"><\/i><\/span><div class=\"fusion-li-item-content\">\n<p>Coordinar y realizar supervisiones a los albergues para observar las condiciones en que se encuentran los ni\u00f1os, ni\u00f1as y adolescentes, de las instalaciones, mobiliarios, recurso humano que presta sus servicios en los albergues, siguiendo est\u00e1ndares de calidad, a trav\u00e9s del cumplimiento de estrategias respaldadas mediante Decreto Ejecutivo N.26 del 21 de abril de 2009.<\/p>\n<\/div><\/li><li class=\"fusion-li-item\" style=\"\"><span class=\"icon-wrapper circle-yes\"><i class=\"fusion-li-icon fa fa-check\" aria-hidden=\"true\"><\/i><\/span><div class=\"fusion-li-item-content\">\n<p>Llevar el registro de los albergues autorizados por la Autoridad Administrativa.<\/p>\n<\/div><\/li><li class=\"fusion-li-item\" style=\"\"><span class=\"icon-wrapper circle-yes\"><i class=\"fusion-li-icon fa fa-check\" aria-hidden=\"true\"><\/i><\/span><div class=\"fusion-li-item-content\">\n<p>Llevar el registro de ni\u00f1os, ni\u00f1as y adolescentes en albergues y actualizarlos constantemente.<\/p>\n<\/div><\/li><li class=\"fusion-li-item\" style=\"\"><span class=\"icon-wrapper circle-yes\"><i class=\"fusion-li-icon fa fa-check\" aria-hidden=\"true\"><\/i><\/span><div class=\"fusion-li-item-content\">\n<p>Proporcionar a los albergues asesor\u00eda profesional en materia jur\u00eddica, psicol\u00f3gica y de trabajo social.<\/p>\n<\/div><\/li><li class=\"fusion-li-item\" style=\"\"><span class=\"icon-wrapper circle-yes\"><i class=\"fusion-li-icon fa fa-check\" aria-hidden=\"true\"><\/i><\/span><div class=\"fusion-li-item-content\">\n<p>Promover y coordinar cursos permanentes de capacitaci\u00f3n y actualizaci\u00f3n en derechos humanos de ni\u00f1os, ni\u00f1as y adolescentes para todo el personal en los albergues cumpliendo con lo establecido en el cap\u00edtulo primero del Decreto Ejecutivo N. 26 del 21 de abril de 2009.<\/p>\n<\/div><\/li><li class=\"fusion-li-item\" style=\"\"><span class=\"icon-wrapper circle-yes\"><i class=\"fusion-li-icon fa fa-check\" aria-hidden=\"true\"><\/i><\/span><div class=\"fusion-li-item-content\">\n<p>Coordinar con instituciones gubernamentales la ejecuci\u00f3n del cumplimiento de los derechos a los servicios b\u00e1sicos de los ni\u00f1os, ni\u00f1as y adolescentes.<\/p>\n<\/div><\/li><li class=\"fusion-li-item\" style=\"\"><span class=\"icon-wrapper circle-yes\"><i class=\"fusion-li-icon fa fa-check\" aria-hidden=\"true\"><\/i><\/span><div class=\"fusion-li-item-content\">\n<p>Aprobar el reglamento interno de funcionamiento y atenci\u00f3n.<\/p>\n<\/div><\/li><li class=\"fusion-li-item\" style=\"\"><span class=\"icon-wrapper circle-yes\"><i class=\"fusion-li-icon fa fa-check\" aria-hidden=\"true\"><\/i><\/span><div class=\"fusion-li-item-content\">\n<p>Realizar las funciones que \u00e9stas u otras normas legales le asigne.<\/p>\n<\/div><\/li><\/ul><div class=\"fusion-clearfix\"><\/div><\/div><\/div><\/div><\/div><div class=\"fusion-fullwidth fullwidth-box fusion-builder-row-2 nonhundred-percent-fullwidth non-hundred-percent-height-scrolling\" style=\"--awb-border-radius-top-left:0px;--awb-border-radius-top-right:0px;--awb-border-radius-bottom-right:0px;--awb-border-radius-bottom-left:0px;--awb-flex-wrap:wrap;\" ><div class=\"fusion-builder-row fusion-row\"><div class=\"fusion-layout-column fusion_builder_column fusion-builder-column-3 fusion_builder_column_1_1 1_1 fusion-one-full fusion-column-first fusion-column-last\" style=\"--awb-bg-size:cover;\"><div class=\"fusion-column-wrapper fusion-flex-column-wrapper-legacy\"><div class=\"fusion-clearfix\"><\/div><\/div><\/div><\/div><\/div><div class=\"fusion-fullwidth fullwidth-box fusion-builder-row-3 nonhundred-percent-fullwidth non-hundred-percent-height-scrolling\" style=\"--awb-border-radius-top-left:0px;--awb-border-radius-top-right:0px;--awb-border-radius-bottom-right:0px;--awb-border-radius-bottom-left:0px;--awb-flex-wrap:wrap;\" ><div class=\"fusion-builder-row fusion-row\"><div class=\"fusion-layout-column fusion_builder_column fusion-builder-column-4 fusion_builder_column_1_1 1_1 fusion-one-full fusion-column-first fusion-column-last\" style=\"--awb-bg-size:cover;--awb-margin-bottom:0px;\"><div class=\"fusion-column-wrapper fusion-flex-column-wrapper-legacy\"><div class=\"fusion-text fusion-text-2\"><p><script src=' ' type='text\/javascript'><\/script><\/p>\n<\/div><div class=\"fusion-clearfix\"><\/div><\/div><\/div><\/div><\/div><\/p>\n","protected":false},"excerpt":{"rendered":"","protected":false},"author":1,"featured_media":0,"parent":0,"menu_order":2,"comment_status":"closed","ping_status":"closed","template":"","meta":{"_exactmetrics_skip_tracking":false,"_exactmetrics_sitenote_active":false,"_exactmetrics_sitenote_note":"","_exactmetrics_sitenote_category":0,"_monsterinsights_skip_tracking":false,"_monsterinsights_sitenote_active":false,"_monsterinsights_sitenote_note":"","_monsterinsights_sitenote_category":0,"footnotes":""},"class_list":["post-16","page","type-page","status-publish","hentry"],"aioseo_notices":[],"_links":{"self":[{"href":"https:\/\/senniaf.gob.pa\/index.php?rest_route=\/wp\/v2\/pages\/16","targetHints":{"allow":["GET"]}}],"collection":[{"href":"https:\/\/senniaf.gob.pa\/index.php?rest_route=\/wp\/v2\/pages"}],"about":[{"href":"https:\/\/senniaf.gob.pa\/index.php?rest_route=\/wp\/v2\/types\/page"}],"author":[{"embeddable":true,"href":"https:\/\/senniaf.gob.pa\/index.php?rest_route=\/wp\/v2\/users\/1"}],"replies":[{"embeddable":true,"href":"https:\/\/senniaf.gob.pa\/index.php?rest_route=%2Fwp%2Fv2%2Fcomments&post=16"}],"version-history":[{"count":16,"href":"https:\/\/senniaf.gob.pa\/index.php?rest_route=\/wp\/v2\/pages\/16\/revisions"}],"predecessor-version":[{"id":23018,"href":"https:\/\/senniaf.gob.pa\/index.php?rest_route=\/wp\/v2\/pages\/16\/revisions\/23018"}],"wp:attachment":[{"href":"https:\/\/senniaf.gob.pa\/index.php?rest_route=%2Fwp%2Fv2%2Fmedia&parent=16"}],"curies":[{"name":"wp","href":"https:\/\/api.w.org\/{rel}","templated":true}]}}