{"id":21884,"date":"2024-03-26T20:32:59","date_gmt":"2024-03-26T20:32:59","guid":{"rendered":"https:\/\/senniaf.gob.pa\/?page_id=21884"},"modified":"2024-03-26T20:32:59","modified_gmt":"2024-03-26T20:32:59","slug":"requisitos-para-la-celebracion-de-espectaculos-publicos-o-actividades-de-diversion-publica","status":"publish","type":"page","link":"https:\/\/senniaf.gob.pa\/?page_id=21884","title":{"rendered":"Requisitos para la Celebraci\u00f3n de Espect\u00e1culos P\u00fablicos o Actividades de Diversi\u00f3n P\u00fablica"},"content":{"rendered":"<p><img fetchpriority=\"high\" decoding=\"async\" class=\"aligncenter size-full wp-image-21885\" src=\"https:\/\/senniaf.gob.pa\/wp-content\/uploads\/2024\/03\/Requisitos-para-Celebraci\u00f3n-Publica.jpg\" alt=\"\" width=\"1236\" height=\"1600\" srcset=\"https:\/\/senniaf.gob.pa\/wp-content\/uploads\/2024\/03\/Requisitos-para-Celebraci\u00f3n-Publica-200x259.jpg 200w, https:\/\/senniaf.gob.pa\/wp-content\/uploads\/2024\/03\/Requisitos-para-Celebraci\u00f3n-Publica-232x300.jpg 232w, https:\/\/senniaf.gob.pa\/wp-content\/uploads\/2024\/03\/Requisitos-para-Celebraci\u00f3n-Publica-400x518.jpg 400w, https:\/\/senniaf.gob.pa\/wp-content\/uploads\/2024\/03\/Requisitos-para-Celebraci\u00f3n-Publica-600x777.jpg 600w, https:\/\/senniaf.gob.pa\/wp-content\/uploads\/2024\/03\/Requisitos-para-Celebraci\u00f3n-Publica-768x994.jpg 768w, https:\/\/senniaf.gob.pa\/wp-content\/uploads\/2024\/03\/Requisitos-para-Celebraci\u00f3n-Publica-791x1024.jpg 791w, https:\/\/senniaf.gob.pa\/wp-content\/uploads\/2024\/03\/Requisitos-para-Celebraci\u00f3n-Publica-800x1036.jpg 800w, https:\/\/senniaf.gob.pa\/wp-content\/uploads\/2024\/03\/Requisitos-para-Celebraci\u00f3n-Publica-1200x1553.jpg 1200w, https:\/\/senniaf.gob.pa\/wp-content\/uploads\/2024\/03\/Requisitos-para-Celebraci\u00f3n-Publica.jpg 1236w\" sizes=\"(max-width: 1236px) 100vw, 1236px\" \/><\/p>\n","protected":false},"excerpt":{"rendered":"","protected":false},"author":6,"featured_media":0,"parent":0,"menu_order":0,"comment_status":"closed","ping_status":"closed","template":"","meta":{"_exactmetrics_skip_tracking":false,"_exactmetrics_sitenote_active":false,"_exactmetrics_sitenote_note":"","_exactmetrics_sitenote_category":0,"_monsterinsights_skip_tracking":false,"_monsterinsights_sitenote_active":false,"_monsterinsights_sitenote_note":"","_monsterinsights_sitenote_category":0,"footnotes":""},"class_list":["post-21884","page","type-page","status-publish","hentry"],"aioseo_notices":[],"_links":{"self":[{"href":"https:\/\/senniaf.gob.pa\/index.php?rest_route=\/wp\/v2\/pages\/21884","targetHints":{"allow":["GET"]}}],"collection":[{"href":"https:\/\/senniaf.gob.pa\/index.php?rest_route=\/wp\/v2\/pages"}],"about":[{"href":"https:\/\/senniaf.gob.pa\/index.php?rest_route=\/wp\/v2\/types\/page"}],"author":[{"embeddable":true,"href":"https:\/\/senniaf.gob.pa\/index.php?rest_route=\/wp\/v2\/users\/6"}],"replies":[{"embeddable":true,"href":"https:\/\/senniaf.gob.pa\/index.php?rest_route=%2Fwp%2Fv2%2Fcomments&post=21884"}],"version-history":[{"count":2,"href":"https:\/\/senniaf.gob.pa\/index.php?rest_route=\/wp\/v2\/pages\/21884\/revisions"}],"predecessor-version":[{"id":21887,"href":"https:\/\/senniaf.gob.pa\/index.php?rest_route=\/wp\/v2\/pages\/21884\/revisions\/21887"}],"wp:attachment":[{"href":"https:\/\/senniaf.gob.pa\/index.php?rest_route=%2Fwp%2Fv2%2Fmedia&parent=21884"}],"curies":[{"name":"wp","href":"https:\/\/api.w.org\/{rel}","templated":true}]}}