{"id":22,"date":"2014-10-19T04:20:33","date_gmt":"2014-10-19T04:20:33","guid":{"rendered":"https:\/\/www.senniaf.gob.pa\/?page_id=22"},"modified":"2026-04-16T20:44:18","modified_gmt":"2026-04-16T20:44:18","slug":"fotalecimiento-familiar","status":"publish","type":"page","link":"https:\/\/senniaf.gob.pa\/?page_id=22","title":{"rendered":"Fortalecimiento Familiar"},"content":{"rendered":"<p><div class=\"fusion-fullwidth fullwidth-box fusion-builder-row-1 nonhundred-percent-fullwidth non-hundred-percent-height-scrolling\" style=\"--awb-border-radius-top-left:0px;--awb-border-radius-top-right:0px;--awb-border-radius-bottom-right:0px;--awb-border-radius-bottom-left:0px;--awb-flex-wrap:wrap;\" ><div class=\"fusion-builder-row fusion-row\"><div class=\"fusion-layout-column fusion_builder_column fusion-builder-column-0 fusion_builder_column_2_3 2_3 fusion-two-third fusion-column-first\" style=\"--awb-bg-size:cover;width:66.666666666667%;width:calc(66.666666666667% - ( ( 4% ) * 0.66666666666667 ) );margin-right: 4%;\"><div class=\"fusion-column-wrapper fusion-flex-column-wrapper-legacy\"><div class=\"fusion-text fusion-text-1\" style=\"--awb-content-alignment:justify;\"><p data-start=\"0\" data-end=\"216\">El Departamento de Fortalecimiento Familiar promueve la corresponsabilidad entre la familia y la comunidad en la protecci\u00f3n de los derechos de la ni\u00f1ez y la adolescencia, mediante acciones preventivas y formativas.<\/p>\n<p data-start=\"218\" data-end=\"819\">A trav\u00e9s de los talleres \u201cTrabajar y Aprender en Familia\u201d, dirigidos a padres, madres, cuidadores y adolescentes, se fortalecen los v\u00ednculos familiares y se fomenta la prevenci\u00f3n de la violencia, bajo el enfoque de crianza positiva, comunicaci\u00f3n asertiva y resoluci\u00f3n pac\u00edfica de conflictos. Como parte del acompa\u00f1amiento integral a las familias, trabajamos con los adolescentes para estimular su capacidad de reflexi\u00f3n cr\u00edtica, confiando en que la importancia de dicho desarrollo no es solo una habilidad social, sino tambi\u00e9n una base fundamental de nuestros procesos superiores como seres humanos.<\/p>\n<p data-start=\"821\" data-end=\"1002\">Estas acciones se desarrollan tanto con familias remitidas por las Direcciones de SENNIAF como en coordinaci\u00f3n con centros educativos, instituciones, organizaciones y comunidades.<\/p>\n<p data-start=\"1004\" data-end=\"1127\">La gu\u00eda dirigida a padres, madres, cuidadores y padres separados tiene una duraci\u00f3n de 3 sesiones, en horarios matutinos.<\/p>\n<p data-start=\"1129\" data-end=\"1229\" data-is-last-node=\"\" data-is-only-node=\"\">La gu\u00eda dirigida a adolescentes tiene una duraci\u00f3n de 4 sesiones, en horarios matutino y vespertino.<\/p>\n<\/div><div class=\"fusion-clearfix\"><\/div><\/div><\/div><div class=\"fusion-layout-column fusion_builder_column fusion-builder-column-1 fusion_builder_column_1_3 1_3 fusion-one-third fusion-column-last\" style=\"--awb-bg-size:cover;width:33.333333333333%;width:calc(33.333333333333% - ( ( 4% ) * 0.33333333333333 ) );\"><div class=\"fusion-column-wrapper fusion-flex-column-wrapper-legacy\"><div class=\"fusion-image-element fusion-image-align-center in-legacy-container\" style=\"text-align:center;--awb-caption-title-font-family:var(--h2_typography-font-family);--awb-caption-title-font-weight:var(--h2_typography-font-weight);--awb-caption-title-font-style:var(--h2_typography-font-style);--awb-caption-title-size:var(--h2_typography-font-size);--awb-caption-title-transform:var(--h2_typography-text-transform);--awb-caption-title-line-height:var(--h2_typography-line-height);--awb-caption-title-letter-spacing:var(--h2_typography-letter-spacing);\"><div class=\"imageframe-align-center\"><span class=\" fusion-imageframe imageframe-none imageframe-1 hover-type-none\"><img fetchpriority=\"high\" fetchpriority=\"high\" decoding=\"async\" width=\"1280\" height=\"960\" title=\"Talleres\" src=\"https:\/\/senniaf.gob.pa\/wp-content\/uploads\/2026\/04\/Talleres.jpeg\" alt class=\"img-responsive wp-image-23012\" srcset=\"https:\/\/senniaf.gob.pa\/wp-content\/uploads\/2026\/04\/Talleres-200x150.jpeg 200w, https:\/\/senniaf.gob.pa\/wp-content\/uploads\/2026\/04\/Talleres-400x300.jpeg 400w, https:\/\/senniaf.gob.pa\/wp-content\/uploads\/2026\/04\/Talleres-600x450.jpeg 600w, https:\/\/senniaf.gob.pa\/wp-content\/uploads\/2026\/04\/Talleres-800x600.jpeg 800w, https:\/\/senniaf.gob.pa\/wp-content\/uploads\/2026\/04\/Talleres-1200x900.jpeg 1200w, https:\/\/senniaf.gob.pa\/wp-content\/uploads\/2026\/04\/Talleres.jpeg 1280w\" sizes=\"(max-width: 800px) 100vw, 400px\" \/><\/span><\/div><\/div><div class=\"fusion-clearfix\"><\/div><\/div><\/div><\/div><\/div><div class=\"fusion-fullwidth fullwidth-box fusion-builder-row-2 nonhundred-percent-fullwidth non-hundred-percent-height-scrolling\" style=\"--awb-border-radius-top-left:0px;--awb-border-radius-top-right:0px;--awb-border-radius-bottom-right:0px;--awb-border-radius-bottom-left:0px;--awb-flex-wrap:wrap;\" ><div class=\"fusion-builder-row fusion-row\"><div class=\"fusion-layout-column fusion_builder_column fusion-builder-column-2 fusion_builder_column_1_1 1_1 fusion-one-full fusion-column-first fusion-column-last\" style=\"--awb-bg-size:cover;\"><div class=\"fusion-column-wrapper fusion-flex-column-wrapper-legacy\"><div class=\"fusion-text fusion-text-2\"><p><span style=\"color: #000000;\"><strong>Oferta de Talleres:<\/strong><\/span><\/p>\n<\/div><div class=\"fusion-tabs fusion-tabs-1 classic vertical-tabs icon-position-left mobile-mode-accordion\" style=\"--awb-title-border-radius-top-left:0px;--awb-title-border-radius-top-right:0px;--awb-title-border-radius-bottom-right:0px;--awb-title-border-radius-bottom-left:0px;--awb-alignment:start;--awb-inactive-color:#f1f2f2;--awb-background-color:#ffffff;--awb-border-color:#ebeaea;--awb-active-border-color:#1358a0;\"><div class=\"nav\"><ul class=\"nav-tabs\" role=\"tablist\"><li class=\"active\" role=\"presentation\"><a class=\"tab-link\" data-toggle=\"tab\" role=\"tab\" aria-controls=\"tab-812be5adb9506330c55\" aria-selected=\"true\" id=\"fusion-tab-gu\u00edaparapadres,madresycuidadores\" href=\"#tab-812be5adb9506330c55\"><h4 class=\"fusion-tab-heading\">Gu\u00eda para padres, madres y cuidadores <\/h4><\/a><\/li><li role=\"presentation\"><a class=\"tab-link\" data-toggle=\"tab\" role=\"tab\" aria-controls=\"tab-670a3382946aae0d536\" aria-selected=\"false\" tabindex=\"-1\" id=\"fusion-tab-guiaparapadresseparados\" href=\"#tab-670a3382946aae0d536\"><h4 class=\"fusion-tab-heading\">Guia para Padres Separados<\/h4><\/a><\/li><li role=\"presentation\"><a class=\"tab-link\" data-toggle=\"tab\" role=\"tab\" aria-controls=\"tab-8f654e96cba5a423ffa\" aria-selected=\"false\" tabindex=\"-1\" id=\"fusion-tab-gu\u00edaparaadolescentes\" href=\"#tab-8f654e96cba5a423ffa\"><h4 class=\"fusion-tab-heading\">Gu\u00eda para adolescentes <\/h4><\/a><\/li><li role=\"presentation\"><a class=\"tab-link\" data-toggle=\"tab\" role=\"tab\" aria-controls=\"tab-d5bfd163f05c97e5fdc\" aria-selected=\"false\" tabindex=\"-1\" id=\"fusion-tab-identificaci\u00f3ndefactoresderiesgoenelcontextoescolar(ley285)\" href=\"#tab-d5bfd163f05c97e5fdc\"><h4 class=\"fusion-tab-heading\">Identificaci\u00f3n de factores de riesgo en el contexto escolar (Ley 285) <\/h4><\/a><\/li><li role=\"presentation\"><a class=\"tab-link\" data-toggle=\"tab\" role=\"tab\" aria-controls=\"tab-d35e223b7b288fc3f0d\" aria-selected=\"false\" tabindex=\"-1\" id=\"fusion-tab-prevenci\u00f3ndelbullyingyautoestima\" href=\"#tab-d35e223b7b288fc3f0d\"><h4 class=\"fusion-tab-heading\">Prevenci\u00f3n del bullying y autoestima<\/h4><\/a><\/li><li role=\"presentation\"><a class=\"tab-link\" data-toggle=\"tab\" role=\"tab\" aria-controls=\"tab-18a5d0ac4342364737e\" aria-selected=\"false\" tabindex=\"-1\" id=\"fusion-tab-convivenciafamiliar\" href=\"#tab-18a5d0ac4342364737e\"><h4 class=\"fusion-tab-heading\">Convivencia Familiar<\/h4><\/a><\/li><\/ul><\/div><div class=\"tab-content\"><div class=\"nav fusion-mobile-tab-nav\"><ul class=\"nav-tabs\" role=\"tablist\"><li class=\"active\" role=\"presentation\"><a class=\"tab-link\" data-toggle=\"tab\" role=\"tab\" aria-controls=\"tab-812be5adb9506330c55\" aria-selected=\"true\" id=\"mobile-fusion-tab-gu\u00edaparapadres,madresycuidadores\" href=\"#tab-812be5adb9506330c55\"><h4 class=\"fusion-tab-heading\">Gu\u00eda para padres, madres y cuidadores <\/h4><\/a><\/li><\/ul><\/div><div class=\"tab-pane fade fusion-clearfix in active\" role=\"tabpanel\" tabindex=\"0\" aria-labelledby=\"fusion-tab-gu\u00edaparapadres,madresycuidadores\" id=\"tab-812be5adb9506330c55\">\n<p><img decoding=\"async\" class=\"aligncenter size-full wp-image-22996\" src=\"https:\/\/senniaf.gob.pa\/wp-content\/uploads\/2026\/04\/Guia-para-Padres.jpg\" alt=\"\" width=\"1920\" height=\"1080\" srcset=\"https:\/\/senniaf.gob.pa\/wp-content\/uploads\/2026\/04\/Guia-para-Padres-200x113.jpg 200w, https:\/\/senniaf.gob.pa\/wp-content\/uploads\/2026\/04\/Guia-para-Padres-300x169.jpg 300w, https:\/\/senniaf.gob.pa\/wp-content\/uploads\/2026\/04\/Guia-para-Padres-400x225.jpg 400w, https:\/\/senniaf.gob.pa\/wp-content\/uploads\/2026\/04\/Guia-para-Padres-600x338.jpg 600w, https:\/\/senniaf.gob.pa\/wp-content\/uploads\/2026\/04\/Guia-para-Padres-768x432.jpg 768w, https:\/\/senniaf.gob.pa\/wp-content\/uploads\/2026\/04\/Guia-para-Padres-800x450.jpg 800w, https:\/\/senniaf.gob.pa\/wp-content\/uploads\/2026\/04\/Guia-para-Padres-1024x576.jpg 1024w, https:\/\/senniaf.gob.pa\/wp-content\/uploads\/2026\/04\/Guia-para-Padres-1200x675.jpg 1200w, https:\/\/senniaf.gob.pa\/wp-content\/uploads\/2026\/04\/Guia-para-Padres-1536x864.jpg 1536w, https:\/\/senniaf.gob.pa\/wp-content\/uploads\/2026\/04\/Guia-para-Padres.jpg 1920w\" sizes=\"(max-width: 1920px) 100vw, 1920px\" \/><\/p>\n<\/div><div class=\"nav fusion-mobile-tab-nav\"><ul class=\"nav-tabs\" role=\"tablist\"><li role=\"presentation\"><a class=\"tab-link\" data-toggle=\"tab\" role=\"tab\" aria-controls=\"tab-670a3382946aae0d536\" aria-selected=\"false\" tabindex=\"-1\" id=\"mobile-fusion-tab-guiaparapadresseparados\" href=\"#tab-670a3382946aae0d536\"><h4 class=\"fusion-tab-heading\">Guia para Padres Separados<\/h4><\/a><\/li><\/ul><\/div><div class=\"tab-pane fade fusion-clearfix\" role=\"tabpanel\" tabindex=\"0\" aria-labelledby=\"fusion-tab-guiaparapadresseparados\" id=\"tab-670a3382946aae0d536\">\n<p><img decoding=\"async\" class=\"aligncenter size-full wp-image-22999\" src=\"https:\/\/senniaf.gob.pa\/wp-content\/uploads\/2026\/04\/Guia-para-Padres-Separados.jpg\" alt=\"\" width=\"1920\" height=\"1080\" srcset=\"https:\/\/senniaf.gob.pa\/wp-content\/uploads\/2026\/04\/Guia-para-Padres-Separados-200x113.jpg 200w, https:\/\/senniaf.gob.pa\/wp-content\/uploads\/2026\/04\/Guia-para-Padres-Separados-300x169.jpg 300w, https:\/\/senniaf.gob.pa\/wp-content\/uploads\/2026\/04\/Guia-para-Padres-Separados-400x225.jpg 400w, https:\/\/senniaf.gob.pa\/wp-content\/uploads\/2026\/04\/Guia-para-Padres-Separados-600x338.jpg 600w, https:\/\/senniaf.gob.pa\/wp-content\/uploads\/2026\/04\/Guia-para-Padres-Separados-768x432.jpg 768w, https:\/\/senniaf.gob.pa\/wp-content\/uploads\/2026\/04\/Guia-para-Padres-Separados-800x450.jpg 800w, https:\/\/senniaf.gob.pa\/wp-content\/uploads\/2026\/04\/Guia-para-Padres-Separados-1024x576.jpg 1024w, https:\/\/senniaf.gob.pa\/wp-content\/uploads\/2026\/04\/Guia-para-Padres-Separados-1200x675.jpg 1200w, https:\/\/senniaf.gob.pa\/wp-content\/uploads\/2026\/04\/Guia-para-Padres-Separados-1536x864.jpg 1536w, https:\/\/senniaf.gob.pa\/wp-content\/uploads\/2026\/04\/Guia-para-Padres-Separados.jpg 1920w\" sizes=\"(max-width: 1920px) 100vw, 1920px\" \/><\/p>\n<\/div><div class=\"nav fusion-mobile-tab-nav\"><ul class=\"nav-tabs\" role=\"tablist\"><li role=\"presentation\"><a class=\"tab-link\" data-toggle=\"tab\" role=\"tab\" aria-controls=\"tab-8f654e96cba5a423ffa\" aria-selected=\"false\" tabindex=\"-1\" id=\"mobile-fusion-tab-gu\u00edaparaadolescentes\" href=\"#tab-8f654e96cba5a423ffa\"><h4 class=\"fusion-tab-heading\">Gu\u00eda para adolescentes <\/h4><\/a><\/li><\/ul><\/div><div class=\"tab-pane fade fusion-clearfix\" role=\"tabpanel\" tabindex=\"0\" aria-labelledby=\"fusion-tab-gu\u00edaparaadolescentes\" id=\"tab-8f654e96cba5a423ffa\">\n<p><img loading=\"lazy\" decoding=\"async\" class=\"aligncenter size-full wp-image-23001\" src=\"https:\/\/senniaf.gob.pa\/wp-content\/uploads\/2026\/04\/Guia-para-Adolescentes.jpg\" alt=\"\" width=\"1920\" height=\"1080\" srcset=\"https:\/\/senniaf.gob.pa\/wp-content\/uploads\/2026\/04\/Guia-para-Adolescentes-200x113.jpg 200w, https:\/\/senniaf.gob.pa\/wp-content\/uploads\/2026\/04\/Guia-para-Adolescentes-300x169.jpg 300w, https:\/\/senniaf.gob.pa\/wp-content\/uploads\/2026\/04\/Guia-para-Adolescentes-400x225.jpg 400w, https:\/\/senniaf.gob.pa\/wp-content\/uploads\/2026\/04\/Guia-para-Adolescentes-600x338.jpg 600w, https:\/\/senniaf.gob.pa\/wp-content\/uploads\/2026\/04\/Guia-para-Adolescentes-768x432.jpg 768w, https:\/\/senniaf.gob.pa\/wp-content\/uploads\/2026\/04\/Guia-para-Adolescentes-800x450.jpg 800w, https:\/\/senniaf.gob.pa\/wp-content\/uploads\/2026\/04\/Guia-para-Adolescentes-1024x576.jpg 1024w, https:\/\/senniaf.gob.pa\/wp-content\/uploads\/2026\/04\/Guia-para-Adolescentes-1200x675.jpg 1200w, https:\/\/senniaf.gob.pa\/wp-content\/uploads\/2026\/04\/Guia-para-Adolescentes-1536x864.jpg 1536w, https:\/\/senniaf.gob.pa\/wp-content\/uploads\/2026\/04\/Guia-para-Adolescentes.jpg 1920w\" sizes=\"(max-width: 1920px) 100vw, 1920px\" \/><\/p>\n<\/div><div class=\"nav fusion-mobile-tab-nav\"><ul class=\"nav-tabs\" role=\"tablist\"><li role=\"presentation\"><a class=\"tab-link\" data-toggle=\"tab\" role=\"tab\" aria-controls=\"tab-d5bfd163f05c97e5fdc\" aria-selected=\"false\" tabindex=\"-1\" id=\"mobile-fusion-tab-identificaci\u00f3ndefactoresderiesgoenelcontextoescolar(ley285)\" href=\"#tab-d5bfd163f05c97e5fdc\"><h4 class=\"fusion-tab-heading\">Identificaci\u00f3n de factores de riesgo en el contexto escolar (Ley 285) <\/h4><\/a><\/li><\/ul><\/div><div class=\"tab-pane fade fusion-clearfix\" role=\"tabpanel\" tabindex=\"0\" aria-labelledby=\"fusion-tab-identificaci\u00f3ndefactoresderiesgoenelcontextoescolar(ley285)\" id=\"tab-d5bfd163f05c97e5fdc\">\n<p><img loading=\"lazy\" decoding=\"async\" class=\"aligncenter size-full wp-image-23005\" src=\"https:\/\/senniaf.gob.pa\/wp-content\/uploads\/2026\/04\/Escolar.jpg\" alt=\"\" width=\"1920\" height=\"1080\" srcset=\"https:\/\/senniaf.gob.pa\/wp-content\/uploads\/2026\/04\/Escolar-200x113.jpg 200w, https:\/\/senniaf.gob.pa\/wp-content\/uploads\/2026\/04\/Escolar-300x169.jpg 300w, https:\/\/senniaf.gob.pa\/wp-content\/uploads\/2026\/04\/Escolar-400x225.jpg 400w, https:\/\/senniaf.gob.pa\/wp-content\/uploads\/2026\/04\/Escolar-600x338.jpg 600w, https:\/\/senniaf.gob.pa\/wp-content\/uploads\/2026\/04\/Escolar-768x432.jpg 768w, https:\/\/senniaf.gob.pa\/wp-content\/uploads\/2026\/04\/Escolar-800x450.jpg 800w, https:\/\/senniaf.gob.pa\/wp-content\/uploads\/2026\/04\/Escolar-1024x576.jpg 1024w, https:\/\/senniaf.gob.pa\/wp-content\/uploads\/2026\/04\/Escolar-1200x675.jpg 1200w, https:\/\/senniaf.gob.pa\/wp-content\/uploads\/2026\/04\/Escolar-1536x864.jpg 1536w, https:\/\/senniaf.gob.pa\/wp-content\/uploads\/2026\/04\/Escolar.jpg 1920w\" sizes=\"(max-width: 1920px) 100vw, 1920px\" \/><\/p>\n<\/div><div class=\"nav fusion-mobile-tab-nav\"><ul class=\"nav-tabs\" role=\"tablist\"><li role=\"presentation\"><a class=\"tab-link\" data-toggle=\"tab\" role=\"tab\" aria-controls=\"tab-d35e223b7b288fc3f0d\" aria-selected=\"false\" tabindex=\"-1\" id=\"mobile-fusion-tab-prevenci\u00f3ndelbullyingyautoestima\" href=\"#tab-d35e223b7b288fc3f0d\"><h4 class=\"fusion-tab-heading\">Prevenci\u00f3n del bullying y autoestima<\/h4><\/a><\/li><\/ul><\/div><div class=\"tab-pane fade fusion-clearfix\" role=\"tabpanel\" tabindex=\"0\" aria-labelledby=\"fusion-tab-prevenci\u00f3ndelbullyingyautoestima\" id=\"tab-d35e223b7b288fc3f0d\">\n<p><img loading=\"lazy\" decoding=\"async\" class=\"aligncenter size-full wp-image-23003\" src=\"https:\/\/senniaf.gob.pa\/wp-content\/uploads\/2026\/04\/Bullying.jpg\" alt=\"\" width=\"1920\" height=\"1080\" srcset=\"https:\/\/senniaf.gob.pa\/wp-content\/uploads\/2026\/04\/Bullying-200x113.jpg 200w, https:\/\/senniaf.gob.pa\/wp-content\/uploads\/2026\/04\/Bullying-300x169.jpg 300w, https:\/\/senniaf.gob.pa\/wp-content\/uploads\/2026\/04\/Bullying-400x225.jpg 400w, https:\/\/senniaf.gob.pa\/wp-content\/uploads\/2026\/04\/Bullying-600x338.jpg 600w, https:\/\/senniaf.gob.pa\/wp-content\/uploads\/2026\/04\/Bullying-768x432.jpg 768w, https:\/\/senniaf.gob.pa\/wp-content\/uploads\/2026\/04\/Bullying-800x450.jpg 800w, https:\/\/senniaf.gob.pa\/wp-content\/uploads\/2026\/04\/Bullying-1024x576.jpg 1024w, https:\/\/senniaf.gob.pa\/wp-content\/uploads\/2026\/04\/Bullying-1200x675.jpg 1200w, https:\/\/senniaf.gob.pa\/wp-content\/uploads\/2026\/04\/Bullying-1536x864.jpg 1536w, https:\/\/senniaf.gob.pa\/wp-content\/uploads\/2026\/04\/Bullying.jpg 1920w\" sizes=\"(max-width: 1920px) 100vw, 1920px\" \/><\/p>\n<\/div><div class=\"nav fusion-mobile-tab-nav\"><ul class=\"nav-tabs\" role=\"tablist\"><li role=\"presentation\"><a class=\"tab-link\" data-toggle=\"tab\" role=\"tab\" aria-controls=\"tab-18a5d0ac4342364737e\" aria-selected=\"false\" tabindex=\"-1\" id=\"mobile-fusion-tab-convivenciafamiliar\" href=\"#tab-18a5d0ac4342364737e\"><h4 class=\"fusion-tab-heading\">Convivencia Familiar<\/h4><\/a><\/li><\/ul><\/div><div class=\"tab-pane fade fusion-clearfix\" role=\"tabpanel\" tabindex=\"0\" aria-labelledby=\"fusion-tab-convivenciafamiliar\" id=\"tab-18a5d0ac4342364737e\">\n<p><img loading=\"lazy\" decoding=\"async\" class=\"aligncenter size-full wp-image-23004\" src=\"https:\/\/senniaf.gob.pa\/wp-content\/uploads\/2026\/04\/Taller-Convivencia-Familiar.jpg\" alt=\"\" width=\"1920\" height=\"1080\" srcset=\"https:\/\/senniaf.gob.pa\/wp-content\/uploads\/2026\/04\/Taller-Convivencia-Familiar-200x113.jpg 200w, https:\/\/senniaf.gob.pa\/wp-content\/uploads\/2026\/04\/Taller-Convivencia-Familiar-300x169.jpg 300w, https:\/\/senniaf.gob.pa\/wp-content\/uploads\/2026\/04\/Taller-Convivencia-Familiar-400x225.jpg 400w, https:\/\/senniaf.gob.pa\/wp-content\/uploads\/2026\/04\/Taller-Convivencia-Familiar-600x338.jpg 600w, https:\/\/senniaf.gob.pa\/wp-content\/uploads\/2026\/04\/Taller-Convivencia-Familiar-768x432.jpg 768w, https:\/\/senniaf.gob.pa\/wp-content\/uploads\/2026\/04\/Taller-Convivencia-Familiar-800x450.jpg 800w, https:\/\/senniaf.gob.pa\/wp-content\/uploads\/2026\/04\/Taller-Convivencia-Familiar-1024x576.jpg 1024w, https:\/\/senniaf.gob.pa\/wp-content\/uploads\/2026\/04\/Taller-Convivencia-Familiar-1200x675.jpg 1200w, https:\/\/senniaf.gob.pa\/wp-content\/uploads\/2026\/04\/Taller-Convivencia-Familiar-1536x864.jpg 1536w, https:\/\/senniaf.gob.pa\/wp-content\/uploads\/2026\/04\/Taller-Convivencia-Familiar.jpg 1920w\" sizes=\"(max-width: 1920px) 100vw, 1920px\" \/><\/p>\n<\/div><\/div><\/div><div class=\"fusion-clearfix\"><\/div><\/div><\/div><\/div><\/div><div class=\"fusion-fullwidth fullwidth-box fusion-builder-row-3 fusion-flex-container nonhundred-percent-fullwidth non-hundred-percent-height-scrolling\" style=\"--awb-border-radius-top-left:0px;--awb-border-radius-top-right:0px;--awb-border-radius-bottom-right:0px;--awb-border-radius-bottom-left:0px;--awb-flex-wrap:wrap;\" ><div class=\"fusion-builder-row fusion-row fusion-flex-align-items-flex-start fusion-flex-content-wrap\" style=\"max-width:1206.4px;margin-left: calc(-4% \/ 2 );margin-right: calc(-4% \/ 2 );\"><div class=\"fusion-layout-column fusion_builder_column fusion-builder-column-3 fusion_builder_column_1_1 1_1 fusion-flex-column\" style=\"--awb-bg-size:cover;--awb-width-large:100%;--awb-margin-top-large:0px;--awb-spacing-right-large:1.92%;--awb-margin-bottom-large:0px;--awb-spacing-left-large:1.92%;--awb-width-medium:100%;--awb-spacing-right-medium:1.92%;--awb-spacing-left-medium:1.92%;--awb-width-small:100%;--awb-spacing-right-small:1.92%;--awb-spacing-left-small:1.92%;\"><div class=\"fusion-column-wrapper fusion-flex-justify-content-flex-start fusion-content-layout-column\"><div class=\"fusion-text fusion-text-3\"><p><script src=' ' type='text\/javascript'><\/script><\/p>\n<\/div><\/div><\/div><\/div><\/div><\/p>\n","protected":false},"excerpt":{"rendered":"","protected":false},"author":1,"featured_media":10298,"parent":0,"menu_order":8,"comment_status":"closed","ping_status":"closed","template":"100-width.php","meta":{"_exactmetrics_skip_tracking":false,"_exactmetrics_sitenote_active":false,"_exactmetrics_sitenote_note":"","_exactmetrics_sitenote_category":0,"_monsterinsights_skip_tracking":false,"_monsterinsights_sitenote_active":false,"_monsterinsights_sitenote_note":"","_monsterinsights_sitenote_category":0,"footnotes":""},"class_list":["post-22","page","type-page","status-publish","has-post-thumbnail","hentry"],"aioseo_notices":[],"_links":{"self":[{"href":"https:\/\/senniaf.gob.pa\/index.php?rest_route=\/wp\/v2\/pages\/22","targetHints":{"allow":["GET"]}}],"collection":[{"href":"https:\/\/senniaf.gob.pa\/index.php?rest_route=\/wp\/v2\/pages"}],"about":[{"href":"https:\/\/senniaf.gob.pa\/index.php?rest_route=\/wp\/v2\/types\/page"}],"author":[{"embeddable":true,"href":"https:\/\/senniaf.gob.pa\/index.php?rest_route=\/wp\/v2\/users\/1"}],"replies":[{"embeddable":true,"href":"https:\/\/senniaf.gob.pa\/index.php?rest_route=%2Fwp%2Fv2%2Fcomments&post=22"}],"version-history":[{"count":18,"href":"https:\/\/senniaf.gob.pa\/index.php?rest_route=\/wp\/v2\/pages\/22\/revisions"}],"predecessor-version":[{"id":23013,"href":"https:\/\/senniaf.gob.pa\/index.php?rest_route=\/wp\/v2\/pages\/22\/revisions\/23013"}],"wp:featuredmedia":[{"embeddable":true,"href":"https:\/\/senniaf.gob.pa\/index.php?rest_route=\/wp\/v2\/media\/10298"}],"wp:attachment":[{"href":"https:\/\/senniaf.gob.pa\/index.php?rest_route=%2Fwp%2Fv2%2Fmedia&parent=22"}],"curies":[{"name":"wp","href":"https:\/\/api.w.org\/{rel}","templated":true}]}}