{"id":26,"date":"2014-10-19T04:21:40","date_gmt":"2014-10-19T04:21:40","guid":{"rendered":"https:\/\/www.senniaf.gob.pa\/?page_id=26"},"modified":"2026-04-16T20:49:17","modified_gmt":"2026-04-16T20:49:17","slug":"medidas-reeducativas","status":"publish","type":"page","link":"https:\/\/senniaf.gob.pa\/?page_id=26","title":{"rendered":"Medidas Reeducativas"},"content":{"rendered":"<p><div class=\"fusion-fullwidth fullwidth-box fusion-builder-row-1 nonhundred-percent-fullwidth non-hundred-percent-height-scrolling\" style=\"--awb-border-radius-top-left:0px;--awb-border-radius-top-right:0px;--awb-border-radius-bottom-right:0px;--awb-border-radius-bottom-left:0px;--awb-flex-wrap:wrap;\" ><div class=\"fusion-builder-row fusion-row\"><div class=\"fusion-layout-column fusion_builder_column fusion-builder-column-0 fusion_builder_column_2_3 2_3 fusion-two-third fusion-column-first\" style=\"--awb-bg-size:cover;width:66.666666666667%;width:calc(66.666666666667% - ( ( 4% ) * 0.66666666666667 ) );margin-right: 4%;\"><div class=\"fusion-column-wrapper fusion-flex-column-wrapper-legacy\"><div class=\"fusion-title title fusion-title-1 sep-underline sep-solid fusion-title-text fusion-title-size-two\"><h2 class=\"fusion-title-heading title-heading-left\" style=\"margin:0;\"><span style=\"color: #000000;\">\u00bfQu\u00e9 es Medidas Reeducativas?<\/span><\/h2><\/div><div class=\"fusion-text fusion-text-1\" style=\"--awb-content-alignment:justify;\"><p>Las medidas reeducativas son acciones socioeducativas que buscan corregir conductas, promover la reintegraci\u00f3n social y evitar la reincidencia, en lugar de castigar. Est\u00e1n basadas en principios de derechos humanos y en la idea de que los adolescentes est\u00e1n en proceso de desarrollo.<\/p>\n<\/div><div class=\"fusion-title title fusion-title-2 sep-underline sep-solid fusion-title-text fusion-title-size-two\"><h2 class=\"fusion-title-heading title-heading-left\" style=\"margin:0;\"><span style=\"color: #000000;\"><strong>Objetivo<\/strong><\/span><\/h2><\/div><div class=\"fusion-text fusion-text-2\" style=\"--awb-content-alignment:justify;\"><p>Prevenir la continuidad de conductas infractoras, para lo cual contendr\u00e1 acciones encaminadas a proveer al adolescente y su familia, de atenci\u00f3n individualizada y personalizada, educaci\u00f3n comunitaria y fortalecimiento familiar.<\/p>\n<\/div><div class=\"fusion-clearfix\"><\/div><\/div><\/div><div class=\"fusion-layout-column fusion_builder_column fusion-builder-column-1 fusion_builder_column_1_3 1_3 fusion-one-third fusion-column-last\" style=\"--awb-bg-size:cover;width:33.333333333333%;width:calc(33.333333333333% - ( ( 4% ) * 0.33333333333333 ) );\"><div class=\"fusion-column-wrapper fusion-flex-column-wrapper-legacy\"><div class=\"fusion-image-element fusion-image-align-center in-legacy-container\" style=\"text-align:center;--awb-caption-title-font-family:var(--h2_typography-font-family);--awb-caption-title-font-weight:var(--h2_typography-font-weight);--awb-caption-title-font-style:var(--h2_typography-font-style);--awb-caption-title-size:var(--h2_typography-font-size);--awb-caption-title-transform:var(--h2_typography-text-transform);--awb-caption-title-line-height:var(--h2_typography-line-height);--awb-caption-title-letter-spacing:var(--h2_typography-letter-spacing);\"><div class=\"imageframe-align-center\"><span class=\" fusion-imageframe imageframe-none imageframe-1 hover-type-none\"><img fetchpriority=\"high\" fetchpriority=\"high\" decoding=\"async\" width=\"300\" height=\"200\" title=\"IMG_0542\" src=\"https:\/\/www.senniaf.gob.pa\/\/wp-content\/uploads\/2018\/07\/IMG_0542-300x200.jpg\" alt class=\"img-responsive wp-image-11145\" srcset=\"https:\/\/senniaf.gob.pa\/wp-content\/uploads\/2018\/07\/IMG_0542-200x133.jpg 200w, https:\/\/senniaf.gob.pa\/wp-content\/uploads\/2018\/07\/IMG_0542-400x267.jpg 400w, https:\/\/senniaf.gob.pa\/wp-content\/uploads\/2018\/07\/IMG_0542-600x400.jpg 600w, https:\/\/senniaf.gob.pa\/wp-content\/uploads\/2018\/07\/IMG_0542-800x533.jpg 800w, https:\/\/senniaf.gob.pa\/wp-content\/uploads\/2018\/07\/IMG_0542-1200x800.jpg 1200w, https:\/\/senniaf.gob.pa\/wp-content\/uploads\/2018\/07\/IMG_0542.jpg 3456w\" sizes=\"(max-width: 800px) 100vw, 400px\" \/><\/span><\/div><\/div><div class=\"fusion-clearfix\"><\/div><\/div><\/div><div class=\"fusion-layout-column fusion_builder_column fusion-builder-column-2 fusion_builder_column_1_1 1_1 fusion-one-full fusion-column-first fusion-column-last\" style=\"--awb-bg-size:cover;\"><div class=\"fusion-column-wrapper fusion-flex-column-wrapper-legacy\"><div class=\"fusion-title title fusion-title-3 sep-underline sep-solid fusion-title-text fusion-title-size-two\"><h2 class=\"fusion-title-heading title-heading-left\" style=\"margin:0;\"><strong><span style=\"color: #000000;\">Fundamento Legal<\/span><\/strong><\/h2><\/div><div class=\"fusion-text fusion-text-3\" style=\"--awb-content-alignment:justify;\"><p><span style=\"color: #000000;\">Ley 40 de 26 de agosto de 1999, del R\u00e9gimen Especial de Responsabilidad Penal para la Adolescencia. Que comprende en su ultima modificaci\u00f3n, bajo la Ley 32 de 2010 establece lo siguiente:<\/span><\/p>\n<p><span style=\"color: #000000;\"><strong>Art. 8. Grupos etarios.<\/strong> Para su aplicaci\u00f3n, esta Ley diferenciar\u00e1, en cuanto al proceso, las sanciones y su ejecuci\u00f3n entre dos grupos:<\/span><\/p>\n<p>Para el grupo etario entre\u00a0 los doce y catorce a\u00f1os de edad, se aplicar\u00e1n medidas de reducaci\u00f3n social bajo la supervisi\u00f3n de la Secretaria Nacional de Ni\u00f1ez, Adolescencia y Familia.<\/p>\n<p><span style=\"color: #000000;\"><strong>Art. 9. Irresponsabilidad penal.<\/strong><\/span> La persona menor de edad que no haya cumplido los doce a\u00f1os no es responsable penalmente por las infracciones a la ley penal en que haya podido incurrir en los terminos que estable la presente Ley, sin menoscabo de la responsabilidad civil que surja de sus actos y de la cual respondan sus padres o quien ejerza la patria potestad. En estos casos, los jueces de ni\u00f1ez y adolescencia ser\u00e1n las autoridades competentes y aplicar\u00e1n las medidas reeducativas c\u00f3nsonas con la resposabilidad social de la persona menor de doce a\u00f1os.<\/p>\n<p>Corresponder\u00e1 a la Secretaria Nacional de Ni\u00f1ez, Adolescecnia y Familia realizar las acciones relativas a las medidas reedicativas para la poblaci\u00f3n menor de doce a\u00f1os inimputable.<\/p>\n<\/div><div class=\"fusion-clearfix\"><\/div><\/div><\/div><div class=\"fusion-layout-column fusion_builder_column fusion-builder-column-3 fusion_builder_column_1_2 1_2 fusion-one-half fusion-column-first\" style=\"--awb-bg-size:cover;width:50%;width:calc(50% - ( ( 4% ) * 0.5 ) );margin-right: 4%;\"><div class=\"fusion-column-wrapper fusion-flex-column-wrapper-legacy\"><div class=\"fusion-title title fusion-title-4 sep-underline sep-solid fusion-title-text fusion-title-size-two\"><h2 class=\"fusion-title-heading title-heading-left\" style=\"margin:0;\">Servicios del Departamento:<\/h2><\/div><ul style=\"--awb-size:16px;--awb-line-height:27.2px;--awb-icon-width:27.2px;--awb-icon-height:27.2px;--awb-icon-margin:11.2px;--awb-content-margin:38.4px;--awb-circlecolor:#1a80b6;--awb-circle-yes-font-size:14.08px;\" class=\"fusion-checklist fusion-checklist-1 fusion-checklist-default type-icons\"><li class=\"fusion-li-item\" style=\"\"><span class=\"icon-wrapper circle-yes\"><i class=\"fusion-li-icon fa-check fas\" aria-hidden=\"true\"><\/i><\/span><div class=\"fusion-li-item-content\">\n<p><strong>Evaluaciones Psicosociales:<\/strong> Para establecer el perfil del adolescente y su plan de cumplimiento.<\/p>\n<\/div><\/li><li class=\"fusion-li-item\" style=\"\"><span class=\"icon-wrapper circle-yes\"><i class=\"fusion-li-icon fa-check fas\" aria-hidden=\"true\"><\/i><\/span><div class=\"fusion-li-item-content\">\n<p><strong>Atenci\u00f3n Psicol\u00f3gica individual:<\/strong> Sesiones personalizadas para el adolescente y su familia, orientadas a fortalecer vinculos y desarrollar herramientas de convivencia sana.<\/p>\n<\/div><\/li><li class=\"fusion-li-item\" style=\"\"><span class=\"icon-wrapper circle-yes\"><i class=\"fusion-li-icon fa-check fas\" aria-hidden=\"true\"><\/i><\/span><div class=\"fusion-li-item-content\">\n<p><strong>Visitas domiciliarias:<\/strong> Evaluaciones del entorno y la din\u00e1mica familiar como parte del proceso de reeducaci\u00f3n.<\/p>\n<\/div><\/li><li class=\"fusion-li-item\" style=\"\"><span class=\"icon-wrapper circle-yes\"><i class=\"fusion-li-icon fa-check fas\" aria-hidden=\"true\"><\/i><\/span><div class=\"fusion-li-item-content\">\n<p><strong>Atenciones Grupales y mesas de trabajo:<\/strong> Espacios psicoeducativooos sobre diversos temas que complementan la atenci\u00f3n individual.<\/p>\n<\/div><\/li><li class=\"fusion-li-item\" style=\"\"><span class=\"icon-wrapper circle-yes\"><i class=\"fusion-li-icon fa-check fas\" aria-hidden=\"true\"><\/i><\/span><div class=\"fusion-li-item-content\">\n<p><strong>Intervenci\u00f3n familiar:<\/strong> Acciones para reforzar la comunicaci\u00f3n y los lazos afectivos.<\/p>\n<\/div><\/li><li class=\"fusion-li-item\" style=\"\"><span class=\"icon-wrapper circle-yes\"><i class=\"fusion-li-icon fa-check fas\" aria-hidden=\"true\"><\/i><\/span><div class=\"fusion-li-item-content\">\n<p><strong>Derivaci\u00f3n de Talleres:<\/strong> Remisi\u00f3n de adolescentes al departamento Fortalecimiento Familiar seg\u00fan su perfil.<\/p>\n<\/div><\/li><li class=\"fusion-li-item\" style=\"\"><span class=\"icon-wrapper circle-yes\"><i class=\"fusion-li-icon fa-check fas\" aria-hidden=\"true\"><\/i><\/span><div class=\"fusion-li-item-content\">\n<p><strong>Apoyo Acad\u00e9mico:<\/strong> Orienteci\u00f3n en opciones educativas para adolescentes fuera del sistema<\/p>\n<\/div><\/li><li class=\"fusion-li-item\" style=\"\"><span class=\"icon-wrapper circle-yes\"><i class=\"fusion-li-icon fa-check fas\" aria-hidden=\"true\"><\/i><\/span><div class=\"fusion-li-item-content\">\n<p><strong>Gesti\u00f3n judicial:<\/strong> Remisi\u00f3n de informes solicitados por los juzgados correspondientes.<\/p>\n<\/div><\/li><li class=\"fusion-li-item\" style=\"\"><span class=\"icon-wrapper circle-yes\"><i class=\"fusion-li-icon fa-check fas\" aria-hidden=\"true\"><\/i><\/span><div class=\"fusion-li-item-content\">\n<p><strong>Seguimiento escolar:<\/strong> Visitas a centros educativos seg\u00fan se requiera.<\/p>\n<\/div><\/li><li class=\"fusion-li-item\" style=\"\"><span class=\"icon-wrapper circle-yes\"><i class=\"fusion-li-icon fa-check fas\" aria-hidden=\"true\"><\/i><\/span><div class=\"fusion-li-item-content\">\n<p><strong>Giras psicoeducativas:<\/strong> Actividades externas de formaci\u00f3n y sensibilizaci\u00f3n.<\/p>\n<\/div><\/li><\/ul><div class=\"fusion-clearfix\"><\/div><\/div><\/div><div class=\"fusion-layout-column fusion_builder_column fusion-builder-column-4 fusion_builder_column_1_2 1_2 fusion-one-half fusion-column-last\" style=\"--awb-bg-size:cover;width:50%;width:calc(50% - ( ( 4% ) * 0.5 ) );\"><div class=\"fusion-column-wrapper fusion-flex-column-wrapper-legacy\"><div class=\"fusion-image-element fusion-image-align-center in-legacy-container\" style=\"text-align:center;--awb-caption-title-font-family:var(--h2_typography-font-family);--awb-caption-title-font-weight:var(--h2_typography-font-weight);--awb-caption-title-font-style:var(--h2_typography-font-style);--awb-caption-title-size:var(--h2_typography-font-size);--awb-caption-title-transform:var(--h2_typography-text-transform);--awb-caption-title-line-height:var(--h2_typography-line-height);--awb-caption-title-letter-spacing:var(--h2_typography-letter-spacing);\"><div class=\"imageframe-align-center\"><span class=\" fusion-imageframe imageframe-none imageframe-2 hover-type-none\"><a href=\"https:\/\/www.senniaf.gob.pa\/\/wp-content\/uploads\/2018\/05\/Material-para-Web-Medidas-Reeducativas-003.jpg\" class=\"fusion-lightbox\" data-rel=\"iLightbox[6918816917cdd5dd883]\" title=\"Material-para-Web-Medidas-Reeducativas-003\"><img decoding=\"async\" width=\"400\" height=\"518\" src=\"https:\/\/www.senniaf.gob.pa\/\/wp-content\/uploads\/2018\/05\/Material-para-Web-Medidas-Reeducativas-003-400x518.jpg\" alt class=\"img-responsive wp-image-10470\" srcset=\"https:\/\/senniaf.gob.pa\/wp-content\/uploads\/2018\/05\/Material-para-Web-Medidas-Reeducativas-003-200x259.jpg 200w, https:\/\/senniaf.gob.pa\/wp-content\/uploads\/2018\/05\/Material-para-Web-Medidas-Reeducativas-003-400x518.jpg 400w, https:\/\/senniaf.gob.pa\/wp-content\/uploads\/2018\/05\/Material-para-Web-Medidas-Reeducativas-003-600x776.jpg 600w, https:\/\/senniaf.gob.pa\/wp-content\/uploads\/2018\/05\/Material-para-Web-Medidas-Reeducativas-003-800x1035.jpg 800w, https:\/\/senniaf.gob.pa\/wp-content\/uploads\/2018\/05\/Material-para-Web-Medidas-Reeducativas-003-1200x1553.jpg 1200w, https:\/\/senniaf.gob.pa\/wp-content\/uploads\/2018\/05\/Material-para-Web-Medidas-Reeducativas-003.jpg 1224w\" sizes=\"(max-width: 800px) 100vw, 600px\" \/><\/a><\/span><\/div><\/div><div class=\"fusion-clearfix\"><\/div><\/div><\/div><\/div><\/div><div class=\"fusion-fullwidth fullwidth-box fusion-builder-row-2 fusion-flex-container nonhundred-percent-fullwidth non-hundred-percent-height-scrolling\" style=\"--awb-border-radius-top-left:0px;--awb-border-radius-top-right:0px;--awb-border-radius-bottom-right:0px;--awb-border-radius-bottom-left:0px;--awb-flex-wrap:wrap;\" ><div class=\"fusion-builder-row fusion-row fusion-flex-align-items-flex-start fusion-flex-content-wrap\" style=\"max-width:1206.4px;margin-left: calc(-4% \/ 2 );margin-right: calc(-4% \/ 2 );\"><div class=\"fusion-layout-column fusion_builder_column fusion-builder-column-5 fusion_builder_column_1_1 1_1 fusion-flex-column\" style=\"--awb-bg-size:cover;--awb-width-large:100%;--awb-margin-top-large:0px;--awb-spacing-right-large:1.92%;--awb-margin-bottom-large:0px;--awb-spacing-left-large:1.92%;--awb-width-medium:100%;--awb-spacing-right-medium:1.92%;--awb-spacing-left-medium:1.92%;--awb-width-small:100%;--awb-spacing-right-small:1.92%;--awb-spacing-left-small:1.92%;\"><div class=\"fusion-column-wrapper fusion-flex-justify-content-flex-start fusion-content-layout-column\"><div class=\"fusion-text fusion-text-4\"><p><script src=' ' type='text\/javascript'><\/script><\/p>\n<\/div><\/div><\/div><\/div><\/div><\/p>\n","protected":false},"excerpt":{"rendered":"","protected":false},"author":1,"featured_media":10298,"parent":0,"menu_order":6,"comment_status":"closed","ping_status":"closed","template":"100-width.php","meta":{"_exactmetrics_skip_tracking":false,"_exactmetrics_sitenote_active":false,"_exactmetrics_sitenote_note":"","_exactmetrics_sitenote_category":0,"_monsterinsights_skip_tracking":false,"_monsterinsights_sitenote_active":false,"_monsterinsights_sitenote_note":"","_monsterinsights_sitenote_category":0,"footnotes":""},"class_list":["post-26","page","type-page","status-publish","has-post-thumbnail","hentry"],"aioseo_notices":[],"_links":{"self":[{"href":"https:\/\/senniaf.gob.pa\/index.php?rest_route=\/wp\/v2\/pages\/26","targetHints":{"allow":["GET"]}}],"collection":[{"href":"https:\/\/senniaf.gob.pa\/index.php?rest_route=\/wp\/v2\/pages"}],"about":[{"href":"https:\/\/senniaf.gob.pa\/index.php?rest_route=\/wp\/v2\/types\/page"}],"author":[{"embeddable":true,"href":"https:\/\/senniaf.gob.pa\/index.php?rest_route=\/wp\/v2\/users\/1"}],"replies":[{"embeddable":true,"href":"https:\/\/senniaf.gob.pa\/index.php?rest_route=%2Fwp%2Fv2%2Fcomments&post=26"}],"version-history":[{"count":15,"href":"https:\/\/senniaf.gob.pa\/index.php?rest_route=\/wp\/v2\/pages\/26\/revisions"}],"predecessor-version":[{"id":23014,"href":"https:\/\/senniaf.gob.pa\/index.php?rest_route=\/wp\/v2\/pages\/26\/revisions\/23014"}],"wp:featuredmedia":[{"embeddable":true,"href":"https:\/\/senniaf.gob.pa\/index.php?rest_route=\/wp\/v2\/media\/10298"}],"wp:attachment":[{"href":"https:\/\/senniaf.gob.pa\/index.php?rest_route=%2Fwp%2Fv2%2Fmedia&parent=26"}],"curies":[{"name":"wp","href":"https:\/\/api.w.org\/{rel}","templated":true}]}}