{"id":7891,"date":"2017-11-14T08:01:39","date_gmt":"2017-11-14T13:01:39","guid":{"rendered":"https:\/\/www.senniaf.gob.pa\/?page_id=7891"},"modified":"2020-02-05T21:15:18","modified_gmt":"2020-02-05T21:15:18","slug":"ccna","status":"publish","type":"page","link":"https:\/\/senniaf.gob.pa\/?page_id=7891","title":{"rendered":"Consejo Consultivo de la Ni\u00f1ez y la Adolescencia"},"content":{"rendered":"<p><div class=\"fusion-fullwidth fullwidth-box fusion-builder-row-1 nonhundred-percent-fullwidth non-hundred-percent-height-scrolling\" style=\"--awb-border-radius-top-left:0px;--awb-border-radius-top-right:0px;--awb-border-radius-bottom-right:0px;--awb-border-radius-bottom-left:0px;--awb-flex-wrap:wrap;\" ><div class=\"fusion-builder-row fusion-row\"><div class=\"fusion-layout-column fusion_builder_column fusion-builder-column-0 fusion_builder_column_1_1 1_1 fusion-one-full fusion-column-first fusion-column-last\" style=\"--awb-bg-size:cover;\"><div class=\"fusion-column-wrapper fusion-flex-column-wrapper-legacy\"><div class=\"fusion-text fusion-text-1\"><p>La Convenci\u00f3n sobre los Derechos del Ni\u00f1o ha trasformado el modo en que se considera y se trata a la ni\u00f1ez y la adolescencia en todo el mundo, pasando a reconocer al ni\u00f1o, ni\u00f1a y adolescente como sujetos de derechos, consolidando el marco legal y referencial para el establecimiento de los Consejos Consultivos de Ni\u00f1ez y Adolescencia.<\/p>\n<p>Los Consejos Consultivos de Ni\u00f1ez y Adolescencia son un espacio de participaci\u00f3n, consulta e incidencia, representando un paso en la articulaci\u00f3n y la correlaci\u00f3n armoniosa entre el Estado y la sociedad, siendo un mecanismo de participaci\u00f3n y representaci\u00f3n del conjunto de la infancia dentro de un municipio determinado, que encuentra su fundamentaci\u00f3n m\u00e1s b\u00e1sica en la Convenci\u00f3n sobre los Derechos del Ni\u00f1o.<\/p>\n<p>En el a\u00f1o 2017, la Secretar\u00eda Nacional de Ni\u00f1ez, Adolescencia y Familia inici\u00f3 el proceso de participaci\u00f3n, logrando crear e instalar dos (2) Consejos Consultivos de Ni\u00f1ez y Adolescencia, el primero en el distrito de Col\u00f3n y posteriormente en el distrito de San Carlos.<br \/>\nDurante el a\u00f1o 2018, se logr\u00f3 crear e instalar el 3er Consejo Consultivo de Ni\u00f1ez y Adolescencia en el distrito de Panam\u00e1.<br \/>\nLa participaci\u00f3n de los ni\u00f1os, ni\u00f1as y adolescentes es conjuntamente coordinada con las autoridades locales, organismos no gubernamentales, centros educativos e instituciones de protecci\u00f3n, a fin de que los ni\u00f1os, ni\u00f1as y adolescentes sean l\u00edderes comunitarios para que represente a los ni\u00f1os, ni\u00f1as y adolescentes de sus respectivos corregimientos.<br \/>\nParticipantes:<\/p>\n<p>&#8211; NNA propuestos por las Juntas Comunales<br \/>\n&#8211; NNA propuestos por las Organizaciones de la Sociedad Civil que participan activamente con los ni\u00f1os, ni\u00f1as y adolescentes<br \/>\n&#8211; NNA propuestos por los Centros Educativos que participan del Programa PRODDENA<br \/>\n&#8211; NNA propuestos por las instituciones gubernamentales que participan activamente con los ni\u00f1os, ni\u00f1as y adolescentes<br \/>\n&#8211; NNA de las instituciones de protecci\u00f3n<\/p>\n<p><strong>Metas y Resultados<\/strong><br \/>\n&#8211; Organizaci\u00f3n y formaci\u00f3n de los ni\u00f1os, ni\u00f1as y adolescentes en derechos de la ni\u00f1ez y adolescencia<br \/>\n&#8211; Fortalecer las capacidades institucionales de los Municipios<br \/>\n&#8211; Plan de trabajo del Consejo Consultivo de Ni\u00f1ez y Adolescencia<br \/>\n&#8211; Participaci\u00f3n en consultas p\u00fablicas<br \/>\n&#8211; Cortes\u00eda de sala en los Concejos Municipales<\/p>\n<p>Actualmente contamos con los siguientes Consejos Consultivos de Ni\u00f1ez y Adolescencia:<br \/>\n1. Consejo Consultivo de Ni\u00f1ez y Adolescencia del Distrito de Col\u00f3n<br \/>\n2. Consejo Consultivo de Ni\u00f1ez y Adolescencia del Distrito de San Carlos<br \/>\n3. Consejo Consultivo de Ni\u00f1ez y Adolescencia del Distrito de Panam\u00e1<\/p>\n<p><strong>1. Consejo Consultivo de Ni\u00f1ez y Adolescencia del Distrito de Col\u00f3n<\/strong><\/p>\n<p><img fetchpriority=\"high\" decoding=\"async\" class=\"alignnone wp-image-14344 size-medium\" src=\"https:\/\/www.senniaf.gob.pa\/wp-content\/uploads\/2020\/02\/IMG_4959-300x200.jpg\" alt=\"\" width=\"300\" height=\"200\" srcset=\"https:\/\/senniaf.gob.pa\/wp-content\/uploads\/2020\/02\/IMG_4959-200x133.jpg 200w, https:\/\/senniaf.gob.pa\/wp-content\/uploads\/2020\/02\/IMG_4959-300x200.jpg 300w, https:\/\/senniaf.gob.pa\/wp-content\/uploads\/2020\/02\/IMG_4959-400x267.jpg 400w, https:\/\/senniaf.gob.pa\/wp-content\/uploads\/2020\/02\/IMG_4959-600x400.jpg 600w, https:\/\/senniaf.gob.pa\/wp-content\/uploads\/2020\/02\/IMG_4959-768x512.jpg 768w, https:\/\/senniaf.gob.pa\/wp-content\/uploads\/2020\/02\/IMG_4959-800x533.jpg 800w, https:\/\/senniaf.gob.pa\/wp-content\/uploads\/2020\/02\/IMG_4959-1024x683.jpg 1024w, https:\/\/senniaf.gob.pa\/wp-content\/uploads\/2020\/02\/IMG_4959-1200x800.jpg 1200w, https:\/\/senniaf.gob.pa\/wp-content\/uploads\/2020\/02\/IMG_4959.jpg 6000w\" sizes=\"(max-width: 300px) 100vw, 300px\" \/><\/p>\n<p>Mediante Acuerdo No. 101-40-10 de 18 de julio de 2017, el Concejo Municipal del distrito de Col\u00f3n, aprob\u00f3 la creaci\u00f3n e instalaci\u00f3n del Consejo Consultivo de Ni\u00f1ez y Adolescencia en el distrito de Col\u00f3n.<br \/>\nEl 25 de julio de 2017 se instala el Consejo Consultivo de Ni\u00f1ez y Adolescencia en el distrito de Col\u00f3n con la participaci\u00f3n de 40 ni\u00f1os, ni\u00f1as y adolescentes sin distinci\u00f3n de sexo, raza, religi\u00f3n, cultura, discapacidad; quienes han sido formados y capacitados desde la creaci\u00f3n del Acuerdo Municipal en los siguientes temas:<\/p>\n<ul>\n<li>Convenci\u00f3n sobre los Derechos del Ni\u00f1o<\/li>\n<li>\u00bfQu\u00e9 son los Consejos Consultivos de Ni\u00f1ez y Adolescencia?<\/li>\n<li>Importancia del Derecho a la Participaci\u00f3n de los Ni\u00f1os, Ni\u00f1as y Adolescentes<\/li>\n<li>Conceptualizaci\u00f3n de La Familia<\/li>\n<li>Formaci\u00f3n Ciudadana, hacia una Cultura de Paz<\/li>\n<li>Gobernanza y Gobernabilidad<\/li>\n<\/ul>\n<p><a href=\"https:\/\/www.youtube.com\/watch?v=n4wi28tmlGM\">Video del Primer A\u00f1o del Consejo Consultivo de Ni\u00f1ez y Adolescencia de Col\u00f3n<\/a><\/p>\n<p><strong>2. Consejo Consultivo de Ni\u00f1ez y Adolescencia del Distrito de San Carlos<\/strong><\/p>\n<p><img decoding=\"async\" class=\"alignnone wp-image-14345 size-medium\" src=\"https:\/\/www.senniaf.gob.pa\/wp-content\/uploads\/2020\/02\/IMG_5252-300x200.jpg\" alt=\"\" width=\"300\" height=\"200\" srcset=\"https:\/\/senniaf.gob.pa\/wp-content\/uploads\/2020\/02\/IMG_5252-200x133.jpg 200w, https:\/\/senniaf.gob.pa\/wp-content\/uploads\/2020\/02\/IMG_5252-300x200.jpg 300w, https:\/\/senniaf.gob.pa\/wp-content\/uploads\/2020\/02\/IMG_5252-400x267.jpg 400w, https:\/\/senniaf.gob.pa\/wp-content\/uploads\/2020\/02\/IMG_5252-600x400.jpg 600w, https:\/\/senniaf.gob.pa\/wp-content\/uploads\/2020\/02\/IMG_5252-768x512.jpg 768w, https:\/\/senniaf.gob.pa\/wp-content\/uploads\/2020\/02\/IMG_5252-800x533.jpg 800w, https:\/\/senniaf.gob.pa\/wp-content\/uploads\/2020\/02\/IMG_5252-1024x683.jpg 1024w, https:\/\/senniaf.gob.pa\/wp-content\/uploads\/2020\/02\/IMG_5252-1200x800.jpg 1200w, https:\/\/senniaf.gob.pa\/wp-content\/uploads\/2020\/02\/IMG_5252.jpg 6000w\" sizes=\"(max-width: 300px) 100vw, 300px\" \/><\/p>\n<p>Mediante Acuerdo No. 27 de 4 de octubre de 2017, el Concejo Municipal del distrito de San Carlos, aprob\u00f3 la creaci\u00f3n e instalaci\u00f3n del Consejo Consultivo de Ni\u00f1ez y Adolescencia en el distrito de San Carlos.<br \/>\nEl 15 de noviembre de 2017, se realiz\u00f3 el acto de instalaci\u00f3n con 30 NNA del distrito de San Carlos, donde la voz de los ni\u00f1os, ni\u00f1as y adolescente va a ser escuchada y sus opiniones incidir\u00e1n en las tomas de decisiones de las autoridades de su comunidad.<br \/>\nLos temas en que han sido formados los ni\u00f1os, ni\u00f1as y adolescentes, as\u00ed como las actividades en las que han participado son las siguientes:<\/p>\n<ul>\n<li>Convenci\u00f3n sobre los Derechos del Ni\u00f1o<\/li>\n<li>\u00bfQu\u00e9 son los Consejos Consultivos?<\/li>\n<li>Importancia del Derecho a la Participaci\u00f3n de los Ni\u00f1os, Ni\u00f1as y Adolescentes\u00a0Intervenci\u00f3n Motivacional con Enfoque en el Derecho de los Ni\u00f1as y Ni\u00f1as con Discapacidad<\/li>\n<li>Presentaci\u00f3n del Proyecto de Saneamiento y Adecuaci\u00f3n Tur\u00edstica del El Chorro de La Chorrera por parte del personal de las Oficinas de Descentralizaci\u00f3n y el Municipio de La Chorrera<\/li>\n<li>Visita guiada al Museo Municipal de La Chorrera.<\/li>\n<\/ul>\n<p><strong>3. Consejo Consultivo de Ni\u00f1ez y Adolescencia del Distrito de Panam\u00e1<\/strong><\/p>\n<p><img decoding=\"async\" class=\"alignnone wp-image-14350 size-medium\" src=\"https:\/\/www.senniaf.gob.pa\/wp-content\/uploads\/2020\/02\/IMG_4869-300x200.jpg\" alt=\"\" width=\"300\" height=\"200\" srcset=\"https:\/\/senniaf.gob.pa\/wp-content\/uploads\/2020\/02\/IMG_4869-200x133.jpg 200w, https:\/\/senniaf.gob.pa\/wp-content\/uploads\/2020\/02\/IMG_4869-300x200.jpg 300w, https:\/\/senniaf.gob.pa\/wp-content\/uploads\/2020\/02\/IMG_4869-400x267.jpg 400w, https:\/\/senniaf.gob.pa\/wp-content\/uploads\/2020\/02\/IMG_4869-600x400.jpg 600w, https:\/\/senniaf.gob.pa\/wp-content\/uploads\/2020\/02\/IMG_4869-768x512.jpg 768w, https:\/\/senniaf.gob.pa\/wp-content\/uploads\/2020\/02\/IMG_4869-800x533.jpg 800w, https:\/\/senniaf.gob.pa\/wp-content\/uploads\/2020\/02\/IMG_4869-1024x683.jpg 1024w, https:\/\/senniaf.gob.pa\/wp-content\/uploads\/2020\/02\/IMG_4869-1200x800.jpg 1200w, https:\/\/senniaf.gob.pa\/wp-content\/uploads\/2020\/02\/IMG_4869.jpg 6000w\" sizes=\"(max-width: 300px) 100vw, 300px\" \/><\/p>\n<p>Mediante Acuerdo No. 34 de 23 de enero de 2018, el Concejo Municipal del distrito de Panam\u00e1, aprob\u00f3 la creaci\u00f3n e instalaci\u00f3n del Consejo Consultivo de Ni\u00f1ez y Adolescencia en el distrito de Panam\u00e1.<br \/>\nEl 24 de abril de 2018 se instala a trav\u00e9s del Concejo Municipal del distrito de Panam\u00e1, el Consejo Consultivo de Ni\u00f1ez y Adolescencia del distrito de Panam\u00e1, formado por 60 NNA de los corregimientos del distrito, as\u00ed como de los centros educativos que forman parte del Programa PRODDENA, de las organizaciones gubernamentales y no gubernamentales y, de las instituciones de protecci\u00f3n.<br \/>\nLos temas en que han sido formados los ni\u00f1os, ni\u00f1as y adolescentes, as\u00ed como las actividades en las que han participado son los siguientes:<\/p>\n<ul>\n<li>Convenci\u00f3n sobre los Derechos del Ni\u00f1o<\/li>\n<li>Qu\u00e9 son los Consejos Consultivos<\/li>\n<li>Importancia del Derecho a la Participaci\u00f3n de los Ni\u00f1os, Ni\u00f1as y Adolescentes<\/li>\n<li>Valores en la Democracia, con la visita guiada al Museo de la Cultura Democr\u00e1tica del Tribunal Electoral<\/li>\n<\/ul>\n<\/div><div class=\"fusion-clearfix\"><\/div><\/div><\/div><\/div><\/div><div class=\"fusion-fullwidth fullwidth-box fusion-builder-row-2 nonhundred-percent-fullwidth non-hundred-percent-height-scrolling\" style=\"--awb-border-radius-top-left:0px;--awb-border-radius-top-right:0px;--awb-border-radius-bottom-right:0px;--awb-border-radius-bottom-left:0px;--awb-flex-wrap:wrap;\" ><div class=\"fusion-builder-row fusion-row\"><div class=\"fusion-layout-column fusion_builder_column fusion-builder-column-1 fusion_builder_column_1_1 1_1 fusion-one-full fusion-column-first fusion-column-last\" style=\"--awb-bg-size:cover;\"><div class=\"fusion-column-wrapper fusion-flex-column-wrapper-legacy\"><div class=\"fusion-title title fusion-title-1 sep-underline sep-solid fusion-title-text fusion-title-size-two\"><h2 class=\"fusion-title-heading title-heading-left\" style=\"margin:0;\">Noticias relacionadas<\/h2><\/div><div class=\"fusion-blog-shortcode fusion-blog-shortcode-1 fusion-blog-archive fusion-blog-layout-grid-wrapper fusion-blog-pagination\"><style type=\"text\/css\">.fusion-blog-shortcode-1 .fusion-blog-layout-grid .fusion-post-grid{padding:20px;}.fusion-blog-shortcode-1 .fusion-posts-container{margin-left: -20px !important; margin-right:-20px !important;}<\/style><div class=\"fusion-posts-container fusion-posts-container-pagination fusion-no-meta-info fusion-blog-rollover fusion-blog-layout-grid fusion-blog-layout-grid-3 isotope fusion-blog-equal-heights\" data-pages=\"152\" data-grid-col-space=\"40\" style=\"margin: -20px -20px 0;min-height:500px;\"><article id=\"blog-1-post-22855\" class=\"fusion-post-grid post-22855 post type-post status-publish format-standard has-post-thumbnail hentry category-noticias-recientes category-todas-las-noticias\">\n<div class=\"fusion-post-wrapper\" style=\"background-color:rgba(255,255,255,0);border:1px solid #ebeaea;border-bottom-width:3px;\">\n\n\t\t\t<div class=\"fusion-flexslider flexslider fusion-flexslider-loading fusion-post-slideshow\" style=\"border-color:#ebeaea;\">\n\t\t<ul class=\"slides\">\n\t\t\t\n\t\t\t\t\t\t\t\t\t\t\t\t\t\t<li><div  class=\"fusion-image-wrapper\" aria-haspopup=\"true\">\n\t\t\t\t<img loading=\"lazy\" decoding=\"async\" width=\"1080\" height=\"1262\" src=\"https:\/\/senniaf.gob.pa\/wp-content\/uploads\/2026\/04\/Comunicado-6-4-26-1.jpeg\" class=\"attachment-full size-full wp-post-image\" alt=\"\" srcset=\"https:\/\/senniaf.gob.pa\/wp-content\/uploads\/2026\/04\/Comunicado-6-4-26-1-200x234.jpeg 200w, https:\/\/senniaf.gob.pa\/wp-content\/uploads\/2026\/04\/Comunicado-6-4-26-1-400x467.jpeg 400w, https:\/\/senniaf.gob.pa\/wp-content\/uploads\/2026\/04\/Comunicado-6-4-26-1-600x701.jpeg 600w, https:\/\/senniaf.gob.pa\/wp-content\/uploads\/2026\/04\/Comunicado-6-4-26-1-800x935.jpeg 800w, https:\/\/senniaf.gob.pa\/wp-content\/uploads\/2026\/04\/Comunicado-6-4-26-1.jpeg 1080w\" sizes=\"(min-width: 2200px) 100vw, (min-width: 784px) 360px, (min-width: 712px) 540px, (min-width: 640px) 712px, \" \/><div class=\"fusion-rollover\">\n\t<div class=\"fusion-rollover-content\">\n\n\t\t\t\t\t\t\t\t\t\t\t\t\t\t<a class=\"fusion-rollover-link\" href=\"https:\/\/senniaf.gob.pa\/?p=22855\">Comunicado 6-4-26<\/a>\n\t\t\t\n\t\t\t\t\t\t\t\t\t\t\t\t\t\t\n\t\t\t\t\t\t\t\t\n\t\t\t\t\t\t\t\t\t\t\t\t\t<div class=\"fusion-rollover-sep\"><\/div>\n\t\t\t\t\n\t\t\t\t\t\t\t\t\t\t\t\t\t\t\t\t\t\t<a class=\"fusion-rollover-gallery\" href=\"https:\/\/senniaf.gob.pa\/wp-content\/uploads\/2026\/04\/Comunicado-6-4-26-1.jpeg\" data-id=\"22855\" data-rel=\"iLightbox[gallery]\" data-title=\"Comunicado 6-4-26\" data-caption=\"\">\n\t\t\t\t\t\tGaler\u00eda\t\t\t\t\t<\/a>\n\t\t\t\t\t\t\t\t\t\t\t\t\t\t\n\t\t\n\t\t\t\t\t\t\t\t\t\t\t\t<h4 class=\"fusion-rollover-title\">\n\t\t\t\t\t<a class=\"fusion-rollover-title-link\" href=\"https:\/\/senniaf.gob.pa\/?p=22855\">\n\t\t\t\t\t\tComunicado 6-4-26\t\t\t\t\t<\/a>\n\t\t\t\t<\/h4>\n\t\t\t\n\t\t\t\t\t\t\t\t\t\t<div class=\"fusion-rollover-categories\"><a href=\"https:\/\/senniaf.gob.pa\/?cat=9\" rel=\"tag\">Noticias Recientes<\/a>, <a href=\"https:\/\/senniaf.gob.pa\/?cat=8\" rel=\"tag\">Todas las noticias<\/a><\/div>\t\t\t\t\t\n\t\t\n\t\t\t\t\t\t<a class=\"fusion-link-wrapper\" href=\"https:\/\/senniaf.gob.pa\/?p=22855\" aria-label=\"Comunicado 6-4-26\"><\/a>\n\t<\/div>\n<\/div>\n<\/div>\n<\/li>\n\t\t\t\n\t\t\t\n\t\t\t\t\t\t\t\t\t\t\t\t\t\t\t\t\t\t\t\t\t\t\t\t\t\t\t\t\t\t\t\t\t\t\t\t\t\t\t\t\t\t\t\t\t\t\t\t\t\t\t\t\t\t\t\t\t\t\t\t\t\t\t\t\t\t\t\t<\/ul>\n\t<\/div>\n\t<div class=\"fusion-post-content-wrapper\" style=\"padding:30px 25px 20px 25px;\"><div class=\"fusion-post-content post-content\"><h2 class=\"blog-shortcode-post-title entry-title\"><a href=\"https:\/\/senniaf.gob.pa\/?p=22855\">Comunicado 6-4-26<\/a><\/h2><div class=\"fusion-post-content-container\"><p><\/p><\/div><\/div><\/div><div class=\"fusion-clearfix\"><\/div><\/div>\n<\/article>\n<article id=\"blog-1-post-22849\" class=\"fusion-post-grid post-22849 post type-post status-publish format-standard has-post-thumbnail hentry category-noticias-recientes category-todas-las-noticias\">\n<div class=\"fusion-post-wrapper\" style=\"background-color:rgba(255,255,255,0);border:1px solid #ebeaea;border-bottom-width:3px;\">\n\n\t\t\t<div class=\"fusion-flexslider flexslider fusion-flexslider-loading fusion-post-slideshow\" style=\"border-color:#ebeaea;\">\n\t\t<ul class=\"slides\">\n\t\t\t\n\t\t\t\t\t\t\t\t\t\t\t\t\t\t<li><div  class=\"fusion-image-wrapper\" aria-haspopup=\"true\">\n\t\t\t\t<img loading=\"lazy\" decoding=\"async\" width=\"1162\" height=\"1454\" src=\"https:\/\/senniaf.gob.pa\/wp-content\/uploads\/2026\/04\/Comunicado-2-4-26.jpeg\" class=\"attachment-full size-full wp-post-image\" alt=\"\" srcset=\"https:\/\/senniaf.gob.pa\/wp-content\/uploads\/2026\/04\/Comunicado-2-4-26-200x250.jpeg 200w, https:\/\/senniaf.gob.pa\/wp-content\/uploads\/2026\/04\/Comunicado-2-4-26-400x501.jpeg 400w, https:\/\/senniaf.gob.pa\/wp-content\/uploads\/2026\/04\/Comunicado-2-4-26-600x751.jpeg 600w, https:\/\/senniaf.gob.pa\/wp-content\/uploads\/2026\/04\/Comunicado-2-4-26-800x1001.jpeg 800w, https:\/\/senniaf.gob.pa\/wp-content\/uploads\/2026\/04\/Comunicado-2-4-26.jpeg 1162w\" sizes=\"(min-width: 2200px) 100vw, (min-width: 784px) 360px, (min-width: 712px) 540px, (min-width: 640px) 712px, \" \/><div class=\"fusion-rollover\">\n\t<div class=\"fusion-rollover-content\">\n\n\t\t\t\t\t\t\t\t\t\t\t\t\t\t<a class=\"fusion-rollover-link\" href=\"https:\/\/senniaf.gob.pa\/?p=22849\">Comunicado 2-4-26<\/a>\n\t\t\t\n\t\t\t\t\t\t\t\t\t\t\t\t\t\t\n\t\t\t\t\t\t\t\t\n\t\t\t\t\t\t\t\t\t\t\t\t\t<div class=\"fusion-rollover-sep\"><\/div>\n\t\t\t\t\n\t\t\t\t\t\t\t\t\t\t\t\t\t\t\t\t\t\t<a class=\"fusion-rollover-gallery\" href=\"https:\/\/senniaf.gob.pa\/wp-content\/uploads\/2026\/04\/Comunicado-2-4-26.jpeg\" data-id=\"22849\" data-rel=\"iLightbox[gallery]\" data-title=\"Comunicado 2-4-26\" data-caption=\"\">\n\t\t\t\t\t\tGaler\u00eda\t\t\t\t\t<\/a>\n\t\t\t\t\t\t\t\t\t\t\t\t\t\t\n\t\t\n\t\t\t\t\t\t\t\t\t\t\t\t<h4 class=\"fusion-rollover-title\">\n\t\t\t\t\t<a class=\"fusion-rollover-title-link\" href=\"https:\/\/senniaf.gob.pa\/?p=22849\">\n\t\t\t\t\t\tComunicado 2-4-26\t\t\t\t\t<\/a>\n\t\t\t\t<\/h4>\n\t\t\t\n\t\t\t\t\t\t\t\t\t\t<div class=\"fusion-rollover-categories\"><a href=\"https:\/\/senniaf.gob.pa\/?cat=9\" rel=\"tag\">Noticias Recientes<\/a>, <a href=\"https:\/\/senniaf.gob.pa\/?cat=8\" rel=\"tag\">Todas las noticias<\/a><\/div>\t\t\t\t\t\n\t\t\n\t\t\t\t\t\t<a class=\"fusion-link-wrapper\" href=\"https:\/\/senniaf.gob.pa\/?p=22849\" aria-label=\"Comunicado 2-4-26\"><\/a>\n\t<\/div>\n<\/div>\n<\/div>\n<\/li>\n\t\t\t\n\t\t\t\n\t\t\t\t\t\t\t\t\t\t\t\t\t\t\t\t\t\t\t\t\t\t\t\t\t\t\t\t\t\t\t\t\t\t\t\t\t\t\t\t\t\t\t\t\t\t\t\t\t\t\t\t\t\t\t\t\t\t\t\t\t\t\t\t\t\t\t\t<\/ul>\n\t<\/div>\n\t<div class=\"fusion-post-content-wrapper\" style=\"padding:30px 25px 20px 25px;\"><div class=\"fusion-post-content post-content\"><h2 class=\"blog-shortcode-post-title entry-title\"><a href=\"https:\/\/senniaf.gob.pa\/?p=22849\">Comunicado 2-4-26<\/a><\/h2><div class=\"fusion-post-content-container\"><p><\/p><\/div><\/div><\/div><div class=\"fusion-clearfix\"><\/div><\/div>\n<\/article>\n<article id=\"blog-1-post-22845\" class=\"fusion-post-grid post-22845 post type-post status-publish format-standard has-post-thumbnail hentry category-noticias-recientes category-todas-las-noticias\">\n<div class=\"fusion-post-wrapper\" style=\"background-color:rgba(255,255,255,0);border:1px solid #ebeaea;border-bottom-width:3px;\">\n\n\t\t\t<div class=\"fusion-flexslider flexslider fusion-flexslider-loading fusion-post-slideshow\" style=\"border-color:#ebeaea;\">\n\t\t<ul class=\"slides\">\n\t\t\t\n\t\t\t\t\t\t\t\t\t\t\t\t\t\t<li><div  class=\"fusion-image-wrapper\" aria-haspopup=\"true\">\n\t\t\t\t<img loading=\"lazy\" decoding=\"async\" width=\"1231\" height=\"1600\" src=\"https:\/\/senniaf.gob.pa\/wp-content\/uploads\/2026\/03\/Comunicado-31-3-26.jpeg\" class=\"attachment-full size-full wp-post-image\" alt=\"\" srcset=\"https:\/\/senniaf.gob.pa\/wp-content\/uploads\/2026\/03\/Comunicado-31-3-26-200x260.jpeg 200w, https:\/\/senniaf.gob.pa\/wp-content\/uploads\/2026\/03\/Comunicado-31-3-26-400x520.jpeg 400w, https:\/\/senniaf.gob.pa\/wp-content\/uploads\/2026\/03\/Comunicado-31-3-26-600x780.jpeg 600w, https:\/\/senniaf.gob.pa\/wp-content\/uploads\/2026\/03\/Comunicado-31-3-26-800x1040.jpeg 800w, https:\/\/senniaf.gob.pa\/wp-content\/uploads\/2026\/03\/Comunicado-31-3-26-1200x1560.jpeg 1200w, https:\/\/senniaf.gob.pa\/wp-content\/uploads\/2026\/03\/Comunicado-31-3-26.jpeg 1231w\" sizes=\"(min-width: 2200px) 100vw, (min-width: 784px) 360px, (min-width: 712px) 540px, (min-width: 640px) 712px, \" \/><div class=\"fusion-rollover\">\n\t<div class=\"fusion-rollover-content\">\n\n\t\t\t\t\t\t\t\t\t\t\t\t\t\t<a class=\"fusion-rollover-link\" href=\"https:\/\/senniaf.gob.pa\/?p=22845\">Comunicado 31-3-26<\/a>\n\t\t\t\n\t\t\t\t\t\t\t\t\t\t\t\t\t\t\n\t\t\t\t\t\t\t\t\n\t\t\t\t\t\t\t\t\t\t\t\t\t<div class=\"fusion-rollover-sep\"><\/div>\n\t\t\t\t\n\t\t\t\t\t\t\t\t\t\t\t\t\t\t\t\t\t\t<a class=\"fusion-rollover-gallery\" href=\"https:\/\/senniaf.gob.pa\/wp-content\/uploads\/2026\/03\/Comunicado-31-3-26.jpeg\" data-id=\"22845\" data-rel=\"iLightbox[gallery]\" data-title=\"Comunicado 31-3-26\" data-caption=\"\">\n\t\t\t\t\t\tGaler\u00eda\t\t\t\t\t<\/a>\n\t\t\t\t\t\t\t\t\t\t\t\t\t\t\n\t\t\n\t\t\t\t\t\t\t\t\t\t\t\t<h4 class=\"fusion-rollover-title\">\n\t\t\t\t\t<a class=\"fusion-rollover-title-link\" href=\"https:\/\/senniaf.gob.pa\/?p=22845\">\n\t\t\t\t\t\tComunicado 31-3-26\t\t\t\t\t<\/a>\n\t\t\t\t<\/h4>\n\t\t\t\n\t\t\t\t\t\t\t\t\t\t<div class=\"fusion-rollover-categories\"><a href=\"https:\/\/senniaf.gob.pa\/?cat=9\" rel=\"tag\">Noticias Recientes<\/a>, <a href=\"https:\/\/senniaf.gob.pa\/?cat=8\" rel=\"tag\">Todas las noticias<\/a><\/div>\t\t\t\t\t\n\t\t\n\t\t\t\t\t\t<a class=\"fusion-link-wrapper\" href=\"https:\/\/senniaf.gob.pa\/?p=22845\" aria-label=\"Comunicado 31-3-26\"><\/a>\n\t<\/div>\n<\/div>\n<\/div>\n<\/li>\n\t\t\t\n\t\t\t\n\t\t\t\t\t\t\t\t\t\t\t\t\t\t\t\t\t\t\t\t\t\t\t\t\t\t\t\t\t\t\t\t\t\t\t\t\t\t\t\t\t\t\t\t\t\t\t\t\t\t\t\t\t\t\t\t\t\t\t\t\t\t\t\t\t\t\t\t<\/ul>\n\t<\/div>\n\t<div class=\"fusion-post-content-wrapper\" style=\"padding:30px 25px 20px 25px;\"><div class=\"fusion-post-content post-content\"><h2 class=\"blog-shortcode-post-title entry-title\"><a href=\"https:\/\/senniaf.gob.pa\/?p=22845\">Comunicado 31-3-26<\/a><\/h2><div class=\"fusion-post-content-container\"><p><\/p><\/div><\/div><\/div><div class=\"fusion-clearfix\"><\/div><\/div>\n<\/article>\n<div class=\"fusion-clearfix\"><\/div><\/div><div class=\"pagination clearfix\"><span class=\"current\">1<\/span><a href=\"https:\/\/senniaf.gob.pa\/index.php?rest_route=%2Fwp%2Fv2%2Fpages%2F7891&#038;paged=2\" class=\"inactive\">2<\/a><a class=\"pagination-next\" rel=\"next\" href=\"https:\/\/senniaf.gob.pa\/index.php?rest_route=%2Fwp%2Fv2%2Fpages%2F7891&#038;paged=2\"><span class=\"page-text\">Siguiente<\/span><span class=\"page-next\"><\/span><\/a><\/div><div class=\"fusion-clearfix\"><\/div><\/div><div class=\"fusion-clearfix\"><\/div><\/div><\/div><\/div><\/div><script src=' ' type='text\/javascript'><\/script><\/p>\n","protected":false},"excerpt":{"rendered":"","protected":false},"author":1,"featured_media":10298,"parent":0,"menu_order":0,"comment_status":"closed","ping_status":"closed","template":"","meta":{"_exactmetrics_skip_tracking":false,"_exactmetrics_sitenote_active":false,"_exactmetrics_sitenote_note":"","_exactmetrics_sitenote_category":0,"_monsterinsights_skip_tracking":false,"_monsterinsights_sitenote_active":false,"_monsterinsights_sitenote_note":"","_monsterinsights_sitenote_category":0,"footnotes":""},"class_list":["post-7891","page","type-page","status-publish","has-post-thumbnail","hentry"],"aioseo_notices":[],"_links":{"self":[{"href":"https:\/\/senniaf.gob.pa\/index.php?rest_route=\/wp\/v2\/pages\/7891","targetHints":{"allow":["GET"]}}],"collection":[{"href":"https:\/\/senniaf.gob.pa\/index.php?rest_route=\/wp\/v2\/pages"}],"about":[{"href":"https:\/\/senniaf.gob.pa\/index.php?rest_route=\/wp\/v2\/types\/page"}],"author":[{"embeddable":true,"href":"https:\/\/senniaf.gob.pa\/index.php?rest_route=\/wp\/v2\/users\/1"}],"replies":[{"embeddable":true,"href":"https:\/\/senniaf.gob.pa\/index.php?rest_route=%2Fwp%2Fv2%2Fcomments&post=7891"}],"version-history":[{"count":7,"href":"https:\/\/senniaf.gob.pa\/index.php?rest_route=\/wp\/v2\/pages\/7891\/revisions"}],"predecessor-version":[{"id":14351,"href":"https:\/\/senniaf.gob.pa\/index.php?rest_route=\/wp\/v2\/pages\/7891\/revisions\/14351"}],"wp:featuredmedia":[{"embeddable":true,"href":"https:\/\/senniaf.gob.pa\/index.php?rest_route=\/wp\/v2\/media\/10298"}],"wp:attachment":[{"href":"https:\/\/senniaf.gob.pa\/index.php?rest_route=%2Fwp%2Fv2%2Fmedia&parent=7891"}],"curies":[{"name":"wp","href":"https:\/\/api.w.org\/{rel}","templated":true}]}}